CRAN Package Check Results for Package cholera

Last updated on 2022-09-24 21:50:58 CEST.

Flavor Version Tinstall Tcheck Ttotal Status Flags
r-devel-linux-x86_64-debian-clang 0.7.9 19.22 217.24 236.46 OK
r-devel-linux-x86_64-debian-gcc 0.7.9 13.36 156.46 169.82 OK
r-devel-linux-x86_64-fedora-clang 0.7.9 282.80 NOTE
r-devel-linux-x86_64-fedora-gcc 0.7.9 278.59 NOTE
r-devel-windows-x86_64 0.7.9 71.00 264.00 335.00 OK
r-patched-linux-x86_64 0.7.9 19.19 203.45 222.64 OK
r-release-linux-x86_64 0.7.9 17.32 203.72 221.04 OK
r-release-macos-arm64 0.7.9 63.00 NOTE
r-release-macos-x86_64 0.7.9 132.00 NOTE
r-release-windows-x86_64 0.7.9 77.00 249.00 326.00 OK
r-oldrel-macos-arm64 0.7.9 82.00 NOTE
r-oldrel-macos-x86_64 0.7.9 95.00 NOTE
r-oldrel-windows-ix86+x86_64 0.7.9 34.00 248.00 282.00 OK

Check Details

Version: 0.7.9
Check: dependencies in R code
Result: NOTE
    Namespace in Imports field not imported from: ‘raster’
     All declared Imports should be used.
Flavors: r-devel-linux-x86_64-fedora-clang, r-devel-linux-x86_64-fedora-gcc, r-release-macos-arm64, r-release-macos-x86_64, r-oldrel-macos-arm64, r-oldrel-macos-x86_64