Last updated on 2024-03-28 19:48:27 CET.
Flavor | Version | Tinstall | Tcheck | Ttotal | Status | Flags |
---|---|---|---|---|---|---|
r-devel-linux-x86_64-debian-clang | 0.8.0 | 49.48 | 549.43 | 598.91 | OK | |
r-devel-linux-x86_64-debian-gcc | 0.8.0 | 36.80 | 385.12 | 421.92 | OK | |
r-devel-linux-x86_64-fedora-clang | 0.8.0 | 695.32 | NOTE | |||
r-devel-linux-x86_64-fedora-gcc | 0.8.0 | 711.21 | OK | |||
r-devel-windows-x86_64 | 0.8.0 | 37.00 | 338.00 | 375.00 | NOTE | |
r-patched-linux-x86_64 | 0.8.0 | 43.27 | 513.80 | 557.07 | OK | |
r-release-linux-x86_64 | 0.8.0 | 41.40 | 518.87 | 560.27 | OK | |
r-release-macos-arm64 | 0.8.0 | 172.00 | NOTE | |||
r-release-macos-x86_64 | 0.8.0 | 310.00 | NOTE | |||
r-release-windows-x86_64 | 0.8.0 | 52.00 | 453.00 | 505.00 | NOTE | |
r-oldrel-macos-arm64 | 0.8.0 | 120.00 | NOTE | |||
r-oldrel-windows-x86_64 | 0.8.0 | 55.00 | 428.00 | 483.00 | NOTE |
Version: 0.8.0
Check: installed package size
Result: NOTE
installed size is 5.5Mb
sub-directories of 1Mb or more:
doc 1.5Mb
help 2.2Mb
Flavors: r-devel-linux-x86_64-fedora-clang, r-devel-windows-x86_64, r-release-macos-arm64, r-release-macos-x86_64, r-release-windows-x86_64, r-oldrel-macos-arm64, r-oldrel-windows-x86_64