Last updated on 2024-04-24 20:54:01 CEST.
Flavor | Version | Tinstall | Tcheck | Ttotal | Status | Flags |
---|---|---|---|---|---|---|
r-devel-linux-x86_64-debian-clang | 1.0-2 | 19.09 | 157.89 | 176.98 | NOTE | |
r-devel-linux-x86_64-debian-gcc | 1.0-2 | 14.29 | 115.60 | 129.89 | NOTE | |
r-devel-linux-x86_64-fedora-clang | 1.0-2 | 231.09 | NOTE | |||
r-devel-linux-x86_64-fedora-gcc | 1.0-2 | 243.93 | NOTE | |||
r-devel-windows-x86_64 | 1.0-2 | 16.00 | 155.00 | 171.00 | NOTE | |
r-patched-linux-x86_64 | 1.0-2 | 18.41 | 150.33 | 168.74 | NOTE | |
r-release-linux-x86_64 | 1.0-2 | 19.15 | 153.22 | 172.37 | OK | |
r-release-macos-arm64 | 1.0-2 | 73.00 | OK | |||
r-release-windows-x86_64 | 1.0-2 | 16.00 | 151.00 | 167.00 | NOTE | |
r-oldrel-macos-arm64 | 1.0-2 | 67.00 | OK | |||
r-oldrel-macos-x86_64 | 1.0-2 | 124.00 | NOTE | |||
r-oldrel-windows-x86_64 | 1.0-2 | 23.00 | 183.00 | 206.00 | OK |
Version: 1.0-2
Check: Rd files
Result: NOTE
checkRd: (-1) C316.amp.Rd:28-32: Lost braces
28 | 40 x {
| ^
checkRd: (-1) C317.amp.Rd:28-32: Lost braces
28 | 40 x {
| ^
checkRd: (-1) C60.amp.Rd:63-67: Lost braces
63 | 40 x {
| ^
Flavors: r-devel-linux-x86_64-debian-clang, r-devel-linux-x86_64-debian-gcc, r-devel-linux-x86_64-fedora-clang, r-devel-linux-x86_64-fedora-gcc, r-devel-windows-x86_64, r-patched-linux-x86_64, r-release-windows-x86_64
Version: 1.0-2
Check: package dependencies
Result: NOTE
Packages suggested but not available for checking: 'drc', 'qpcR'
Flavor: r-oldrel-macos-x86_64
Version: 1.0-2
Check: Rd cross-references
Result: NOTE
Package unavailable to check Rd xrefs: ‘qpcR’
Flavor: r-oldrel-macos-x86_64