Last updated on 2023-12-08 20:55:04 CET.
Flavor | Version | Tinstall | Tcheck | Ttotal | Status | Flags |
---|---|---|---|---|---|---|
r-devel-linux-x86_64-debian-clang | 0.2.3 | 9.29 | 97.86 | 107.15 | NOTE | |
r-devel-linux-x86_64-debian-gcc | 0.2.3 | 8.32 | 73.30 | 81.62 | NOTE | |
r-devel-linux-x86_64-fedora-clang | 0.2.3 | 128.49 | NOTE | |||
r-devel-linux-x86_64-fedora-gcc | 0.2.3 | 135.64 | NOTE | |||
r-devel-windows-x86_64 | 0.2.3 | 12.00 | 104.00 | 116.00 | NOTE | |
r-patched-linux-x86_64 | 0.2.3 | 12.52 | 98.74 | 111.26 | NOTE | |
r-release-linux-x86_64 | 0.2.3 | 9.83 | 96.59 | 106.42 | NOTE | |
r-release-macos-arm64 | 0.2.3 | 70.00 | NOTE | |||
r-release-macos-x86_64 | 0.2.3 | 58.00 | NOTE | |||
r-release-windows-x86_64 | 0.2.3 | 14.00 | 112.00 | 126.00 | NOTE | |
r-oldrel-macos-arm64 | 0.2.3 | 32.00 | NOTE | |||
r-oldrel-macos-x86_64 | 0.2.3 | 58.00 | NOTE | |||
r-oldrel-windows-x86_64 | 0.2.3 | 14.00 | 104.00 | 118.00 | NOTE |
Version: 0.2.3
Check: LazyData
Result: NOTE
'LazyData' is specified without a 'data' directory
Flavors: r-devel-linux-x86_64-debian-clang, r-devel-linux-x86_64-debian-gcc, r-devel-linux-x86_64-fedora-clang, r-devel-linux-x86_64-fedora-gcc, r-devel-windows-x86_64, r-patched-linux-x86_64, r-release-linux-x86_64, r-release-macos-arm64, r-release-macos-x86_64, r-release-windows-x86_64, r-oldrel-macos-arm64, r-oldrel-macos-x86_64, r-oldrel-windows-x86_64