Last updated on 2023-11-27 19:52:34 CET.
Flavor | Version | Tinstall | Tcheck | Ttotal | Status | Flags |
---|---|---|---|---|---|---|
r-devel-linux-x86_64-debian-clang | 0.8.0 | 9.22 | 57.44 | 66.66 | OK | |
r-devel-linux-x86_64-debian-gcc | 0.8.0 | 6.64 | 45.36 | 52.00 | OK | |
r-devel-linux-x86_64-fedora-clang | 0.8.0 | 80.54 | NOTE | |||
r-devel-linux-x86_64-fedora-gcc | 0.8.0 | 75.92 | NOTE | |||
r-devel-windows-x86_64 | 0.8.0 | 10.00 | 70.00 | 80.00 | OK | |
r-patched-linux-x86_64 | 0.8.0 | 6.20 | 55.26 | 61.46 | OK | |
r-release-linux-x86_64 | 0.8.0 | 7.11 | 55.17 | 62.28 | OK | |
r-release-macos-arm64 | 0.8.0 | 28.00 | OK | |||
r-release-macos-x86_64 | 0.8.0 | 41.00 | OK | |||
r-release-windows-x86_64 | 0.8.0 | 11.00 | 76.00 | 87.00 | OK | |
r-oldrel-macos-arm64 | 0.8.0 | 25.00 | NOTE | |||
r-oldrel-macos-x86_64 | 0.8.0 | 49.00 | NOTE | |||
r-oldrel-windows-x86_64 | 0.8.0 | 13.00 | 72.00 | 85.00 | OK |
Version: 0.8.0
Check: dependencies in R code
Result: NOTE
Namespace in Imports field not imported from: ‘gamlss.dist’
All declared Imports should be used.
Flavors: r-devel-linux-x86_64-fedora-clang, r-devel-linux-x86_64-fedora-gcc, r-oldrel-macos-arm64, r-oldrel-macos-x86_64
Version: 0.8.0
Check: data for non-ASCII characters
Result: NOTE
Note: found 32 marked UTF-8 strings
Flavors: r-devel-linux-x86_64-fedora-clang, r-devel-linux-x86_64-fedora-gcc, r-oldrel-macos-arm64, r-oldrel-macos-x86_64