Last updated on 2024-03-28 19:48:27 CET.
Flavor | Version | Tinstall | Tcheck | Ttotal | Status | Flags |
---|---|---|---|---|---|---|
r-devel-linux-x86_64-debian-clang | 0.1.8 | 12.58 | 584.24 | 596.82 | NOTE | |
r-devel-linux-x86_64-debian-gcc | 0.1.8 | 9.27 | 504.23 | 513.50 | NOTE | |
r-devel-linux-x86_64-fedora-clang | 0.1.8 | 776.88 | NOTE | |||
r-devel-linux-x86_64-fedora-gcc | 0.1.8 | 749.59 | NOTE | |||
r-devel-windows-x86_64 | 0.1.8 | 12.00 | 502.00 | 514.00 | NOTE | |
r-patched-linux-x86_64 | 0.1.8 | 11.69 | 575.23 | 586.92 | NOTE | |
r-release-linux-x86_64 | 0.1.8 | 13.93 | 578.29 | 592.22 | NOTE | |
r-release-macos-arm64 | 0.1.8 | 275.00 | NOTE | |||
r-release-macos-x86_64 | 0.1.8 | 440.00 | NOTE | |||
r-release-windows-x86_64 | 0.1.8 | 15.00 | 639.00 | 654.00 | NOTE | |
r-oldrel-macos-arm64 | 0.1.8 | 264.00 | NOTE | |||
r-oldrel-windows-x86_64 | 0.1.8 | 17.00 | 654.00 | 671.00 | NOTE |
Version: 0.1.8
Check: package dependencies
Result: NOTE
Package suggested but not available for checking: ‘countreg’
Flavors: r-devel-linux-x86_64-debian-clang, r-devel-linux-x86_64-debian-gcc, r-devel-linux-x86_64-fedora-clang, r-devel-linux-x86_64-fedora-gcc, r-devel-windows-x86_64, r-patched-linux-x86_64, r-release-linux-x86_64, r-release-macos-x86_64, r-release-windows-x86_64, r-oldrel-windows-x86_64
Version: 0.1.8
Check: dependencies in R code
Result: NOTE
Namespaces in Imports field not imported from:
'knitr' 'rmarkdown'
All declared Imports should be used.
Flavors: r-devel-linux-x86_64-fedora-clang, r-devel-linux-x86_64-fedora-gcc, r-oldrel-macos-arm64
Version: 0.1.8
Check: package dependencies
Result: NOTE
Packages suggested but not available for checking:
'GenomicInteractions', 'Gviz', 'countreg'
Flavor: r-release-macos-arm64
Version: 0.1.8
Check: package dependencies
Result: NOTE
Packages suggested but not available for checking:
'GenomicInteractions', 'GenomicRanges', 'Gviz', 'countreg'
Flavor: r-oldrel-macos-arm64