CRAN Package Check Results for Package chicane

Last updated on 2022-09-28 21:51:33 CEST.

Flavor Version Tinstall Tcheck Ttotal Status Flags
r-devel-linux-x86_64-debian-clang 0.1.8 14.53 621.86 636.39 NOTE
r-devel-linux-x86_64-debian-gcc 0.1.8 9.63 523.91 533.54 NOTE
r-devel-linux-x86_64-fedora-clang 0.1.8 777.79 NOTE
r-devel-linux-x86_64-fedora-gcc 0.1.8 768.28 NOTE
r-devel-windows-x86_64 0.1.8 44.00 734.00 778.00 NOTE
r-patched-linux-x86_64 0.1.8 12.81 580.08 592.89 NOTE
r-release-linux-x86_64 0.1.8 11.83 579.97 591.80 NOTE
r-release-macos-arm64 0.1.8 264.00 NOTE
r-release-macos-x86_64 0.1.8 386.00 NOTE
r-release-windows-x86_64 0.1.8 52.00 748.00 800.00 NOTE
r-oldrel-macos-arm64 0.1.8 282.00 NOTE
r-oldrel-macos-x86_64 0.1.8 265.00 NOTE
r-oldrel-windows-ix86+x86_64 0.1.8 28.00 682.00 710.00 NOTE

Check Details

Version: 0.1.8
Check: package dependencies
Result: NOTE
    Package suggested but not available for checking: 'countreg'
Flavors: r-devel-linux-x86_64-debian-clang, r-devel-linux-x86_64-debian-gcc, r-devel-linux-x86_64-fedora-clang, r-devel-linux-x86_64-fedora-gcc, r-devel-windows-x86_64, r-patched-linux-x86_64, r-release-linux-x86_64, r-release-macos-x86_64, r-release-windows-x86_64, r-oldrel-macos-arm64, r-oldrel-windows-ix86+x86_64

Version: 0.1.8
Check: dependencies in R code
Result: NOTE
    Namespaces in Imports field not imported from:
     'knitr' 'rmarkdown'
     All declared Imports should be used.
Flavors: r-devel-linux-x86_64-fedora-clang, r-devel-linux-x86_64-fedora-gcc, r-release-macos-arm64, r-release-macos-x86_64, r-oldrel-macos-arm64, r-oldrel-macos-x86_64

Version: 0.1.8
Check: package dependencies
Result: NOTE
    Packages suggested but not available for checking:
     'GenomicInteractions', 'GenomicRanges', 'Gviz', 'countreg'
Flavor: r-release-macos-arm64

Version: 0.1.8
Check: package dependencies
Result: NOTE
    Packages suggested but not available for checking:
     'GenomicInteractions', 'countreg'
Flavor: r-oldrel-macos-x86_64