Last updated on 2025-06-21 21:49:50 CEST.
Flavor | Version | Tinstall | Tcheck | Ttotal | Status | Flags |
---|---|---|---|---|---|---|
r-devel-linux-x86_64-debian-clang | 0.2.11 | 22.78 | 954.63 | 977.41 | OK | |
r-devel-linux-x86_64-debian-gcc | 0.2.12 | 15.66 | 600.85 | 616.51 | OK | |
r-devel-linux-x86_64-fedora-clang | 0.2.12 | 1610.87 | OK | |||
r-devel-linux-x86_64-fedora-gcc | FAIL | |||||
r-devel-windows-x86_64 | 0.2.11 | 23.00 | 552.00 | 575.00 | OK | |
r-patched-linux-x86_64 | 0.2.11 | 22.73 | 896.09 | 918.82 | OK | |
r-release-linux-x86_64 | 0.2.12 | 21.43 | 891.99 | 913.42 | OK | |
r-release-macos-arm64 | 0.2.12 | 214.00 | OK | |||
r-release-macos-x86_64 | 0.2.12 | 397.00 | OK | |||
r-release-windows-x86_64 | 0.2.12 | 21.00 | 520.00 | 541.00 | OK | |
r-oldrel-macos-arm64 | 0.2.12 | 254.00 | OK | |||
r-oldrel-macos-x86_64 | 0.2.12 | 420.00 | OK | |||
r-oldrel-windows-x86_64 | 0.2.11 | 33.00 | 743.00 | 776.00 | ERROR |
Version: 0.2.12
Check: tests
Result: FAIL
Flavor: r-devel-linux-x86_64-fedora-gcc
Version: 0.2.11
Check: tests
Result: ERROR
Running 'testthat.R' [173s]
Running the tests in 'tests/testthat.R' failed.
Complete output:
> # This file is part of the standard setup for testthat.
> # It is recommended that you do not modify it.
> #
> # Where should you do additional test configuration?
> # Learn more about the roles of various files in:
> # * https://r-pkgs.org/tests.html
> # * https://testthat.r-lib.org/reference/test_package.html#special-files
>
> library(testthat)
> library(checkmate)
> library(chevron)
>
> test_check("chevron")
[ FAIL 2 | WARN 9 | SKIP 244 | PASS 154 ]
══ Skipped tests (244) ═════════════════════════════════════════════════════════
• On CRAN (70): 'test-ael01_nollt.R:7:3', 'test-ael02.R:9:3',
'test-ael03.R:9:3', 'test-aet01.R:12:3', 'test-aet01_aesi.R:17:3',
'test-aet03.R:10:3', 'test-aet04.R:10:3', 'test-aet05.R:7:3',
'test-aet05_all.R:7:3', 'test-aet10.R:10:3',
'test-chevron_tlg-methods.R:8:3', 'test-chevron_tlg-methods.R:92:3',
'test-chevron_tlg-methods.R:99:3', 'test-chevron_tlg-methods.R:117:3',
'test-chevron_tlg-methods.R:137:3', 'test-chevron_tlg-methods.R:334:3',
'test-chevron_tlg-methods.R:338:3', 'test-cml02a_gl.R:5:3',
'test-cmt01a.R:7:3', 'test-cmt02_pt.R:9:3', 'test-coxt01.R:6:3',
'test-coxt02.R:5:3', 'test-default_tlg.R:5:3', 'test-default_tlg.R:12:3',
'test-default_tlg.R:19:3', 'test-default_tlg.R:26:3',
'test-default_tlg.R:33:3', 'test-default_tlg.R:40:3',
'test-default_tlg.R:47:3', 'test-default_tlg.R:54:3',
'test-default_tlg.R:61:3', 'test-default_tlg.R:68:3',
'test-default_tlg.R:78:3', 'test-default_tlg.R:86:3',
'test-default_tlg.R:93:3', 'test-default_tlg.R:100:3',
'test-default_tlg.R:107:3', 'test-dmt01.R:8:3', 'test-dst01.R:11:3',
'test-dtht01.R:12:3', 'test-egt01.R:7:3', 'test-egt02.R:7:3',
'test-egt03.R:7:3', 'test-egt05_qtcat.R:7:3', 'test-ext01.R:7:3',
'test-ext01.R:61:3', 'test-lbt01.R:11:3', 'test-lbt04.R:7:3',
'test-lbt05.R:7:3', 'test-lbt07.R:7:3', 'test-lbt14.R:11:3',
'test-lbt15.R:7:3', 'test-mht01.R:7:3', 'test-mng01.R:10:5',
'test-pdt01.R:7:3', 'test-pdt02.R:7:3', 'test-rmpt01.R:7:3',
'test-rmpt03.R:10:3', 'test-rmpt04.R:7:3', 'test-rmpt05.R:7:3',
'test-rmpt06.R:8:3', 'test-rspt01.R:5:3', 'test-ttet01.R:10:3',
'test-unwrap.R:8:3', 'test-unwrap.R:60:3', 'test-unwrap.R:101:3',
'test-unwrap.R:125:3', 'test-utils.R:76:1', 'test-vst01.R:11:3',
'test-vst02.R:7:3'
• On Windows (174): 'test-ael01_nollt.R:12:3', 'test-ael01_nollt.R:25:3',
'test-ael01_nollt.R:39:3', 'test-ael01_nollt.R:55:3',
'test-ael01_nollt.R:71:3', 'test-ael02.R:13:3', 'test-ael02.R:31:3',
'test-ael03.R:13:3', 'test-ael03.R:31:3', 'test-aet01.R:18:3',
'test-aet01.R:34:3', 'test-aet01.R:41:3', 'test-aet01.R:54:3',
'test-aet01.R:73:3', 'test-aet01_aesi.R:23:3', 'test-aet01_aesi.R:35:3',
'test-aet01_aesi.R:42:3', 'test-aet02.R:18:3', 'test-aet02.R:29:3',
'test-aet03.R:14:3', 'test-aet04.R:29:3', 'test-aet05.R:11:3',
'test-aet05_all.R:11:3', 'test-aet10.R:14:3', 'test-cfbt01.R:4:3',
'test-cfbt01.R:14:3', 'test-chevron_tlg-methods.R:12:3',
'test-chevron_tlg-methods.R:21:3', 'test-chevron_tlg-methods.R:29:3',
'test-chevron_tlg-methods.R:37:3', 'test-chevron_tlg-methods.R:56:3',
'test-chevron_tlg-methods.R:63:3', 'test-chevron_tlg-methods.R:143:3',
'test-chevron_tlg-methods.R:150:3', 'test-chevron_tlg-methods.R:162:3',
'test-chevron_tlg-methods.R:182:3', 'test-chevron_tlg-methods.R:189:3',
'test-chevron_tlg-methods.R:199:3', 'test-chevron_tlg-methods.R:212:3',
'test-chevron_tlg-methods.R:219:3', 'test-chevron_tlg-methods.R:227:3',
'test-chevron_tlg-methods.R:238:3', 'test-chevron_tlg-methods.R:244:3',
'test-chevron_tlg-methods.R:252:3', 'test-chevron_tlg-methods.R:263:3',
'test-chevron_tlg-methods.R:269:3', 'test-chevron_tlg-methods.R:276:3',
'test-chevron_tlg-methods.R:286:3', 'test-chevron_tlg-methods.R:293:3',
'test-chevron_tlg-methods.R:300:3', 'test-chevron_tlg-methods.R:325:3',
'test-cml02a_gl.R:9:3', 'test-cml02a_gl.R:19:3', 'test-cmt01a.R:11:3',
'test-cmt01a.R:26:3', 'test-cmt01a.R:39:3', 'test-cmt02_pt.R:13:3',
'test-coxt01.R:19:3', 'test-coxt02.R:18:3', 'test-dmt01.R:12:3',
'test-dmt01.R:20:3', 'test-dmt01.R:35:3', 'test-dmt01.R:41:3',
'test-dmt01.R:47:3', 'test-dmt01.R:53:3', 'test-dmt01.R:61:3',
'test-dmt01.R:75:3', 'test-dmt01.R:89:3', 'test-dst01.R:15:3',
'test-dst01.R:27:3', 'test-dst01.R:35:3', 'test-dst01.R:46:3',
'test-dst01.R:52:3', 'test-dst01.R:58:3', 'test-dtht01.R:16:3',
'test-dtht01.R:26:3', 'test-egt01.R:13:3', 'test-egt02.R:11:3',
'test-egt03.R:13:3', 'test-egt03.R:25:3', 'test-egt03.R:34:3',
'test-egt05_qtcat.R:13:3', 'test-egt05_qtcat.R:24:3',
'test-empty_report.R:18:3', 'test-ext01.R:11:3', 'test-ext01.R:22:3',
'test-ext01.R:34:3', 'test-ext01.R:45:3', 'test-ext01.R:65:3',
'test-ext01.R:77:3', 'test-fstg01.R:13:3', 'test-fstg01.R:24:3',
'test-fstg01.R:38:3', 'test-fstg02.R:13:3', 'test-fstg02.R:24:3',
'test-fstg02.R:38:3', 'test-fstg02.R:49:3', 'test-kmg01.R:15:3',
'test-kmg01.R:32:3', 'test-kmg01.R:47:3', 'test-kmg01.R:60:3',
'test-lbt01.R:17:3', 'test-lbt01.R:27:3', 'test-lbt04.R:13:3',
'test-lbt04.R:25:3', 'test-lbt04.R:37:3', 'test-lbt04.R:46:3',
'test-lbt05.R:16:3', 'test-lbt05.R:28:3', 'test-lbt05.R:42:3',
'test-lbt05.R:50:3', 'test-lbt05.R:59:3', 'test-lbt05.R:66:3',
'test-lbt05.R:73:3', 'test-lbt06.R:15:3', 'test-lbt06.R:25:3',
'test-lbt07.R:13:3', 'test-lbt07.R:27:3', 'test-lbt14.R:15:3',
'test-lbt14.R:23:3', 'test-lbt14.R:31:3', 'test-lbt14.R:40:3',
'test-lbt14.R:53:3', 'test-lbt14.R:73:3', 'test-lbt14.R:83:3',
'test-lbt14.R:94:3', 'test-lbt14.R:108:3', 'test-lbt14.R:128:3',
'test-lbt14.R:139:3', 'test-lbt15.R:13:3', 'test-lbt15.R:25:3',
'test-lbt15.R:37:3', 'test-lbt15.R:49:3', 'test-lbt15.R:58:3',
'test-lbt15.R:67:3', 'test-mht01.R:13:3', 'test-mht01.R:20:3',
'test-mht01.R:27:3', 'test-mng01.R:15:3', 'test-mng01.R:54:3',
'test-mng01.R:76:3', 'test-mng01.R:98:3', 'test-mng01.R:110:3',
'test-mng01.R:128:3', 'test-mng01.R:149:3', 'test-pdt01.R:13:3',
'test-pdt01.R:26:3', 'test-pdt02.R:13:3', 'test-pdt02.R:26:3',
'test-rmpt01.R:13:3', 'test-rmpt01.R:25:3', 'test-rmpt01.R:40:3',
'test-rmpt03.R:16:3', 'test-rmpt03.R:30:3', 'test-rmpt03.R:47:3',
'test-rmpt04.R:13:3', 'test-rmpt04.R:25:3', 'test-rmpt04.R:47:3',
'test-rmpt05.R:13:3', 'test-rmpt05.R:25:3', 'test-rmpt05.R:47:3',
'test-rmpt06.R:12:3', 'test-rmpt06.R:21:3', 'test-rspt01.R:9:3',
'test-rspt01.R:30:3', 'test-rspt01.R:49:3', 'test-rspt01.R:70:3',
'test-rspt01.R:91:3', 'test-rspt01.R:121:3', 'test-ttet01.R:26:3',
'test-ttet01.R:48:3', 'test-ttet01.R:71:3', 'test-vst01.R:17:3',
'test-vst02.R:11:3'
══ Failed tests ════════════════════════════════════════════════════════════════
── Failure ('test-fstg01.R:6:3'): fstg01 works as expected ─────────────────────
`fstg01_main(pre_data, dataset = "adrs")` produced messages.
── Failure ('test-fstg02.R:6:3'): fstg02 works as expected ─────────────────────
`fstg02_main(pre_data, dataset = "adtte")` produced messages.
[ FAIL 2 | WARN 9 | SKIP 244 | PASS 154 ]
Deleting unused snapshots:
• mng01/mng01-with-custom-theme.svg
• mng01/run-mng01-with-combination-of-x-variables.svg
• mng01/run-mng01-with-custom-color-set.svg
• mng01/run-mng01-with-custom-line-type-set.svg
• mng01/run-mng01-with-custom-unnamed-color-set.svg
• mng01/run-mng01-with-custom-unnamed-line-type-set.svg
• mng01/run-mng01-with-jitter.svg
• mng01/run-mng01-with-numeric-x-variables.svg
• mng01/run-mng01-without-table.svg
Error: Test failures
Execution halted
Flavor: r-oldrel-windows-x86_64