Last updated on 2024-03-28 19:48:27 CET.
Flavor | Version | Tinstall | Tcheck | Ttotal | Status | Flags |
---|---|---|---|---|---|---|
r-devel-linux-x86_64-debian-clang | 1.0.1 | 6.44 | 88.33 | 94.77 | NOTE | |
r-devel-linux-x86_64-debian-gcc | 1.0.1 | 5.80 | 67.86 | 73.66 | NOTE | |
r-devel-linux-x86_64-fedora-clang | 1.0.1 | 117.98 | NOTE | |||
r-devel-linux-x86_64-fedora-gcc | 1.0.1 | 132.33 | NOTE | |||
r-devel-windows-x86_64 | 1.0.1 | 7.00 | 112.00 | 119.00 | NOTE | |
r-patched-linux-x86_64 | 1.0.1 | 6.79 | 85.88 | 92.67 | NOTE | |
r-release-linux-x86_64 | 1.0.1 | 7.39 | 85.76 | 93.15 | NOTE | |
r-release-macos-arm64 | 1.0.1 | 40.00 | NOTE | |||
r-release-macos-x86_64 | 1.0.1 | 61.00 | NOTE | |||
r-release-windows-x86_64 | 1.0.1 | 10.00 | 112.00 | 122.00 | NOTE | |
r-oldrel-macos-arm64 | 1.0.1 | 32.00 | NOTE | |||
r-oldrel-windows-x86_64 | 1.0.1 | 10.00 | 107.00 | 117.00 | NOTE |
Version: 1.0.1
Check: LazyData
Result: NOTE
'LazyData' is specified without a 'data' directory
Flavors: r-devel-linux-x86_64-debian-clang, r-devel-linux-x86_64-debian-gcc, r-devel-linux-x86_64-fedora-clang, r-devel-linux-x86_64-fedora-gcc, r-devel-windows-x86_64, r-patched-linux-x86_64, r-release-linux-x86_64, r-release-macos-arm64, r-release-macos-x86_64, r-release-windows-x86_64, r-oldrel-macos-arm64, r-oldrel-windows-x86_64