Last updated on 2024-07-26 20:49:55 CEST.
Flavor | Version | Tinstall | Tcheck | Ttotal | Status | Flags |
---|---|---|---|---|---|---|
r-devel-linux-x86_64-debian-clang | 0.1-638 | 16.05 | 173.25 | 189.30 | NOTE | |
r-devel-linux-x86_64-debian-gcc | 0.1-639 | 13.23 | 128.46 | 141.69 | OK | |
r-devel-linux-x86_64-fedora-clang | 0.1-639 | 236.92 | OK | |||
r-devel-linux-x86_64-fedora-gcc | 0.1-639 | 235.65 | OK | |||
r-devel-windows-x86_64 | 0.1-638 | 16.00 | 233.00 | 249.00 | NOTE | |
r-patched-linux-x86_64 | 0.1-638 | NOTE | ||||
r-release-linux-x86_64 | 0.1-638 | 15.46 | 166.59 | 182.05 | NOTE | |
r-release-macos-arm64 | 0.1-638 | 75.00 | NOTE | |||
r-release-macos-x86_64 | 0.1-639 | 279.00 | OK | |||
r-release-windows-x86_64 | 0.1-639 | 23.00 | 235.00 | 258.00 | OK | |
r-oldrel-macos-arm64 | 0.1-638 | 80.00 | OK | |||
r-oldrel-macos-x86_64 | 0.1-639 | 228.00 | OK | |||
r-oldrel-windows-x86_64 | 0.1-639 | 21.00 | 208.00 | 229.00 | OK |
Version: 0.1-638
Check: Rd files
Result: NOTE
checkRd: (-1) LoadCollection.Rd:7: Lost braces
7 | for loading and saving code{CommunityCollection} objects to text files.
| ^
checkRd: (-1) ShortestPaths.Rd:25: Lost braces
25 | \references{Williams, R.J. and Berlow, E.L. and Dunne, J.A. and Barab{\'a}si,
| ^
checkRd: (-1) YthanEstuary.Rd:19: Lost braces
19 | Read G., St\"{o}hr S., Walter T.C., Costello M.J. Editors. (2012) World
| ^
Flavors: r-devel-linux-x86_64-debian-clang, r-devel-windows-x86_64, r-patched-linux-x86_64, r-release-linux-x86_64, r-release-macos-arm64