Last updated on 2024-04-17 20:57:29 CEST.
Flavor | Version | Tinstall | Tcheck | Ttotal | Status | Flags |
---|---|---|---|---|---|---|
r-devel-linux-x86_64-debian-clang | 2.3.1 | 12.59 | 110.70 | 123.29 | OK | |
r-devel-linux-x86_64-debian-gcc | 2.3.1 | 10.17 | 81.91 | 92.08 | OK | |
r-devel-linux-x86_64-fedora-clang | 2.3.1 | 159.13 | OK | |||
r-devel-linux-x86_64-fedora-gcc | 2.3.1 | 175.72 | OK | |||
r-prerel-macos-arm64 | 2.3.1 | 49.00 | OK | |||
r-prerel-windows-x86_64 | 2.3.1 | 18.00 | 114.00 | 132.00 | WARN | |
r-patched-linux-x86_64 | 2.3.1 | 17.53 | 104.80 | 122.33 | OK | |
r-release-linux-x86_64 | 2.3.1 | 10.21 | 107.30 | 117.51 | OK | |
r-release-macos-arm64 | 2.3.1 | 57.00 | OK | |||
r-release-macos-x86_64 | 2.3.1 | 137.00 | OK | |||
r-release-windows-x86_64 | 2.3.1 | 15.00 | 134.00 | 149.00 | OK | |
r-oldrel-macos-arm64 | 2.3.1 | 53.00 | OK | |||
r-oldrel-windows-x86_64 | 2.3.1 | 20.00 | 130.00 | 150.00 | OK |
Version: 2.3.1
Check: whether package can be installed
Result: WARN
Found the following significant warnings:
checks.c:489:80: warning: unknown conversion type character 'j' in format [-Wformat=]
checks.c:489:36: warning: too many arguments for format [-Wformat-extra-args]
checks.c:493:80: warning: unknown conversion type character 'j' in format [-Wformat=]
checks.c:493:36: warning: too many arguments for format [-Wformat-extra-args]
checks.c:497:80: warning: unknown conversion type character 'j' in format [-Wformat=]
checks.c:497:36: warning: too many arguments for format [-Wformat-extra-args]
See 'd:/Rcompile/CRANpkg/local/4.4/checkmate.Rcheck/00install.out' for details.
* used C compiler: 'gcc.exe (GCC) 13.2.0'
Flavor: r-prerel-windows-x86_64