Last updated on 2024-05-02 20:50:32 CEST.
Flavor | Version | Tinstall | Tcheck | Ttotal | Status | Flags |
---|---|---|---|---|---|---|
r-devel-linux-x86_64-debian-clang | 1.1.0 | 11.91 | 340.01 | 351.92 | OK | |
r-devel-linux-x86_64-debian-gcc | 1.1.0 | 9.41 | 249.17 | 258.58 | OK | |
r-devel-linux-x86_64-fedora-clang | 1.1.0 | 458.13 | NOTE | |||
r-devel-linux-x86_64-fedora-gcc | 1.1.0 | 458.68 | OK | |||
r-devel-windows-x86_64 | 1.1.0 | 11.00 | 290.00 | 301.00 | ERROR | |
r-patched-linux-x86_64 | 1.1.0 | 7.50 | 323.57 | 331.07 | OK | |
r-release-linux-x86_64 | 1.1.0 | 7.99 | 324.61 | 332.60 | OK | |
r-release-macos-arm64 | 1.1.0 | 134.00 | NOTE | |||
r-release-windows-x86_64 | 1.1.0 | 11.00 | 291.00 | 302.00 | ERROR | |
r-oldrel-macos-arm64 | 1.1.0 | 121.00 | NOTE | |||
r-oldrel-macos-x86_64 | 1.1.0 | 270.00 | NOTE | |||
r-oldrel-windows-x86_64 | 1.1.0 | 14.00 | 355.00 | 369.00 | OK |
Version: 1.1.0
Check: installed package size
Result: NOTE
installed size is 5.1Mb
sub-directories of 1Mb or more:
extdata 4.7Mb
Flavors: r-devel-linux-x86_64-fedora-clang, r-release-macos-arm64, r-oldrel-macos-arm64, r-oldrel-macos-x86_64
Version: 1.1.0
Check: tests
Result: ERROR
Running 'testthat.R' [41s]
Running the tests in 'tests/testthat.R' failed.
Complete output:
> library(testthat)
> library(changeRangeR)
To get started with multiple species, see the demo with
vignette(package='changeRangeR')
>
> test_check("changeRangeR")
[ FAIL 1 | WARN 0 | SKIP 0 | PASS 20 ]
══ Failed tests ════════════════════════════════════════════════════════════════
── Error ('test_mcpSDM.R:15:1'): (code run outside of `test_that()`) ───────────
Error in `ch.vec[[i.bestfit]]`: recursive indexing failed at level 2
Backtrace:
▆
1. └─changeRangeR::mcpSDM(p, xy, ch.orig, thr) at test_mcpSDM.R:15:1
[ FAIL 1 | WARN 0 | SKIP 0 | PASS 20 ]
Error: Test failures
Execution halted
Flavor: r-devel-windows-x86_64
Version: 1.1.0
Check: tests
Result: ERROR
Running 'testthat.R' [38s]
Running the tests in 'tests/testthat.R' failed.
Complete output:
> library(testthat)
> library(changeRangeR)
To get started with multiple species, see the demo with
vignette(package='changeRangeR')
>
> test_check("changeRangeR")
[ FAIL 1 | WARN 0 | SKIP 0 | PASS 20 ]
══ Failed tests ════════════════════════════════════════════════════════════════
── Error ('test_mcpSDM.R:15:1'): (code run outside of `test_that()`) ───────────
Error in `ch.vec[[i.bestfit]]`: recursive indexing failed at level 2
Backtrace:
▆
1. └─changeRangeR::mcpSDM(p, xy, ch.orig, thr) at test_mcpSDM.R:15:1
[ FAIL 1 | WARN 0 | SKIP 0 | PASS 20 ]
Error: Test failures
Execution halted
Flavor: r-release-windows-x86_64