Last updated on 2025-07-26 21:49:48 CEST.
Flavor | Version | Tinstall | Tcheck | Ttotal | Status | Flags |
---|---|---|---|---|---|---|
r-devel-linux-x86_64-debian-clang | 1.1 | 19.39 | 29.60 | 48.99 | NOTE | |
r-devel-linux-x86_64-debian-gcc | 1.1 | 12.86 | 23.15 | 36.01 | NOTE | |
r-devel-linux-x86_64-fedora-clang | 1.1 | 86.92 | OK | |||
r-devel-linux-x86_64-fedora-gcc | 1.1 | 72.33 | OK | |||
r-devel-windows-x86_64 | 1.1 | 24.00 | 77.00 | 101.00 | OK | |
r-patched-linux-x86_64 | 1.1 | 18.73 | 27.46 | 46.19 | OK | |
r-release-linux-x86_64 | 1.1 | 17.33 | 26.81 | 44.14 | OK | |
r-release-macos-arm64 | 1.1 | 25.00 | OK | |||
r-release-macos-x86_64 | 1.1 | 43.00 | OK | |||
r-release-windows-x86_64 | 1.1 | 24.00 | 62.00 | 86.00 | OK | |
r-oldrel-macos-arm64 | 1.1 | 34.00 | OK | |||
r-oldrel-macos-x86_64 | 1.1 | 36.00 | OK | |||
r-oldrel-windows-x86_64 | 1.1 | 28.00 | 79.00 | 107.00 | OK |
Version: 1.1
Check: CRAN incoming feasibility
Result: NOTE
Maintainer: ‘Arvid Sjolander <arvid.sjolander@ki.se>’
No Authors@R field in DESCRIPTION.
Please add one, modifying
Authors@R: person(given = "Arvid",
family = "Sjolander",
role = c("aut", "cre"),
email = "arvid.sjolander@ki.se")
as necessary.
Flavors: r-devel-linux-x86_64-debian-clang, r-devel-linux-x86_64-debian-gcc