Last updated on 2025-10-21 21:01:02 CEST.
Flavor | Version | Tinstall | Tcheck | Ttotal | Status | Flags |
---|---|---|---|---|---|---|
r-devel-linux-x86_64-debian-clang | 0.6 | 6.31 | 64.59 | 70.90 | NOTE | |
r-devel-linux-x86_64-debian-gcc | 0.6 | 4.21 | 47.75 | 51.96 | NOTE | |
r-devel-linux-x86_64-fedora-clang | 0.6 | 29.00 | 85.21 | 114.21 | OK | |
r-devel-linux-x86_64-fedora-gcc | 0.6 | 12.00 | 93.30 | 105.30 | OK | |
r-devel-windows-x86_64 | 0.6 | 9.00 | 77.00 | 86.00 | OK | |
r-patched-linux-x86_64 | 0.6 | 4.54 | 60.11 | 64.65 | OK | |
r-release-linux-x86_64 | 0.6 | 5.78 | 60.12 | 65.90 | OK | |
r-release-macos-arm64 | 0.6 | 3.00 | 31.00 | 34.00 | OK | |
r-release-macos-x86_64 | 0.6 | 5.00 | 60.00 | 65.00 | OK | |
r-release-windows-x86_64 | 0.6 | 9.00 | 79.00 | 88.00 | OK | |
r-oldrel-macos-arm64 | 0.6 | 2.00 | 37.00 | 39.00 | OK | |
r-oldrel-macos-x86_64 | 0.6 | 5.00 | 53.00 | 58.00 | OK | |
r-oldrel-windows-x86_64 | 0.6 | 12.00 | 100.00 | 112.00 | OK |
Version: 0.6
Check: HTML version of manual
Result: NOTE
Found the following HTML validation problems:
plus-.plot_ceteris_paribus_explainer.html:51:1 (plus-.plot_ceteris_paribus_explainer.Rd:12): Warning: missing </ul> before </div>
print.plot_ceteris_paribus_explainer.html:51:1 (print.plot_ceteris_paribus_explainer.Rd:12): Warning: missing </ul> before </div>
Flavors: r-devel-linux-x86_64-debian-clang, r-devel-linux-x86_64-debian-gcc