Last updated on 2024-04-19 20:56:34 CEST.
Flavor | Version | Tinstall | Tcheck | Ttotal | Status | Flags |
---|---|---|---|---|---|---|
r-devel-linux-x86_64-debian-clang | 1.0.0 | 3.50 | 35.67 | 39.17 | OK | |
r-devel-linux-x86_64-debian-gcc | 1.0.0 | OK | ||||
r-devel-linux-x86_64-fedora-clang | 1.0.0 | 53.08 | NOTE | |||
r-devel-linux-x86_64-fedora-gcc | 1.0.0 | 61.40 | NOTE | |||
r-prerel-macos-arm64 | 1.0.0 | 27.00 | OK | |||
r-prerel-windows-x86_64 | 1.0.0 | 5.00 | 48.00 | 53.00 | OK | |
r-patched-linux-x86_64 | 1.0.0 | 2.85 | 35.49 | 38.34 | OK | |
r-release-linux-x86_64 | 1.0.0 | 2.30 | 33.83 | 36.13 | OK | |
r-release-macos-arm64 | 1.0.0 | 29.00 | OK | |||
r-release-macos-x86_64 | 1.0.0 | 34.00 | OK | |||
r-release-windows-x86_64 | 1.0.0 | 5.00 | 51.00 | 56.00 | OK | |
r-oldrel-macos-arm64 | 1.0.0 | 19.00 | NOTE | |||
r-oldrel-windows-x86_64 | 1.0.0 | 6.00 | 59.00 | 65.00 | OK |
Version: 1.0.0
Check: dependencies in R code
Result: NOTE
Namespace in Imports field not imported from: ‘lmtest’
All declared Imports should be used.
Flavors: r-devel-linux-x86_64-fedora-clang, r-devel-linux-x86_64-fedora-gcc, r-oldrel-macos-arm64