Last updated on 2025-05-03 21:51:12 CEST.
Flavor | Version | Tinstall | Tcheck | Ttotal | Status | Flags |
---|---|---|---|---|---|---|
r-devel-linux-x86_64-debian-clang | 1.0-0 | 6.06 | 55.53 | 61.59 | NOTE | |
r-devel-linux-x86_64-debian-gcc | 1.0-0 | 5.00 | 41.91 | 46.91 | NOTE | |
r-devel-linux-x86_64-fedora-clang | 1.0-0 | 96.27 | OK | |||
r-devel-linux-x86_64-fedora-gcc | 1.0-0 | 92.86 | OK | |||
r-devel-windows-x86_64 | 1.0-0 | 7.00 | 72.00 | 79.00 | OK | |
r-patched-linux-x86_64 | 1.0-0 | 6.71 | 53.16 | 59.87 | OK | |
r-release-linux-x86_64 | OK | |||||
r-release-macos-arm64 | 1.0-0 | 34.00 | OK | |||
r-release-macos-x86_64 | 1.0-0 | 54.00 | OK | |||
r-release-windows-x86_64 | 1.0-0 | 8.00 | 67.00 | 75.00 | OK | |
r-oldrel-macos-arm64 | 1.0-0 | 30.00 | OK | |||
r-oldrel-macos-x86_64 | 1.0-0 | 60.00 | OK | |||
r-oldrel-windows-x86_64 | 1.0-0 | 10.00 | 79.00 | 89.00 | OK |
Version: 1.0-0
Check: CRAN incoming feasibility
Result: NOTE
Maintainer: ‘Sy Han (Steven) Chiou <schiou@hsph.harvard.edu>’
No Authors@R field in DESCRIPTION.
Please add one, modifying
Authors@R: c(person(given = "Jing",
family = "Qian",
role = "aut"),
person(given = c("Sy", "Han"),
family = "Chiou",
role = "aut",
comment = "Steven"),
person(given = c("Sy", "Han"),
family = "Chiou",
role = "cre",
email = "schiou@hsph.harvard.edu",
comment = "Steven"))
as necessary.
Flavors: r-devel-linux-x86_64-debian-clang, r-devel-linux-x86_64-debian-gcc