Last updated on 2024-04-24 20:54:01 CEST.
Flavor | Version | Tinstall | Tcheck | Ttotal | Status | Flags |
---|---|---|---|---|---|---|
r-devel-linux-x86_64-debian-clang | 2.0.0 | 73.98 | 88.95 | 162.93 | OK | |
r-devel-linux-x86_64-debian-gcc | 2.0.0 | 62.37 | 69.99 | 132.36 | OK | |
r-devel-linux-x86_64-fedora-clang | 2.0.0 | 222.09 | OK | |||
r-devel-linux-x86_64-fedora-gcc | 2.0.0 | 226.78 | OK | |||
r-devel-windows-x86_64 | 2.0.0 | 57.00 | 102.00 | 159.00 | OK | |
r-patched-linux-x86_64 | 2.0.0 | 82.62 | 92.22 | 174.84 | OK | |
r-release-linux-x86_64 | 2.0.0 | 73.20 | 93.45 | 166.65 | OK | |
r-release-macos-arm64 | 2.0.0 | 58.00 | NOTE | |||
r-release-windows-x86_64 | 2.0.0 | 56.00 | 105.00 | 161.00 | OK | |
r-oldrel-macos-arm64 | 2.0.0 | 59.00 | NOTE | |||
r-oldrel-macos-x86_64 | 2.0.0 | 95.00 | NOTE | |||
r-oldrel-windows-x86_64 | 2.0.0 | 70.00 | 123.00 | 193.00 | OK |
Version: 2.0.0
Check: installed package size
Result: NOTE
installed size is 11.3Mb
sub-directories of 1Mb or more:
libs 11.1Mb
Flavors: r-release-macos-arm64, r-oldrel-macos-arm64, r-oldrel-macos-x86_64