Last updated on 2025-07-26 21:49:48 CEST.
Flavor | Version | Tinstall | Tcheck | Ttotal | Status | Flags |
---|---|---|---|---|---|---|
r-devel-linux-x86_64-debian-clang | 1.0.0 | 4.71 | 42.45 | 47.16 | OK | |
r-devel-linux-x86_64-debian-gcc | 1.0.0 | 3.35 | 33.12 | 36.47 | OK | |
r-devel-linux-x86_64-fedora-clang | 1.0.0 | 74.40 | NOTE | |||
r-devel-linux-x86_64-fedora-gcc | 1.0.0 | 84.54 | NOTE | |||
r-devel-windows-x86_64 | 1.0.0 | 6.00 | 86.00 | 92.00 | OK | |
r-patched-linux-x86_64 | 1.0.0 | 4.40 | 39.90 | 44.30 | OK | |
r-release-linux-x86_64 | 1.0.0 | 3.78 | 40.05 | 43.83 | OK | |
r-release-macos-arm64 | 1.0.0 | 34.00 | OK | |||
r-release-macos-x86_64 | 1.0.0 | 54.00 | OK | |||
r-release-windows-x86_64 | 1.0.0 | 6.00 | 74.00 | 80.00 | OK | |
r-oldrel-macos-arm64 | 1.0.0 | 31.00 | OK | |||
r-oldrel-macos-x86_64 | 1.0.0 | 48.00 | OK | |||
r-oldrel-windows-x86_64 | 1.0.0 | 8.00 | 89.00 | 97.00 | OK |
Version: 1.0.0
Check: dependencies in R code
Result: NOTE
Namespaces in Imports field not imported from:
‘base’ ‘stats’ ‘tidyr’
All declared Imports should be used.
Flavors: r-devel-linux-x86_64-fedora-clang, r-devel-linux-x86_64-fedora-gcc