Last updated on 2023-06-05 21:59:02 CEST.
Flavor | Version | Tinstall | Tcheck | Ttotal | Status | Flags |
---|---|---|---|---|---|---|
r-devel-linux-x86_64-debian-clang | 1.0.0 | 5.14 | 49.89 | 55.03 | OK | |
r-devel-linux-x86_64-debian-gcc | 1.0.0 | 4.37 | 38.71 | 43.08 | OK | |
r-devel-linux-x86_64-fedora-clang | 1.0.0 | 69.10 | NOTE | |||
r-devel-linux-x86_64-fedora-gcc | 1.0.0 | 77.74 | NOTE | |||
r-devel-windows-x86_64 | 1.0.0 | 7.00 | 75.00 | 82.00 | OK | |
r-patched-linux-x86_64 | 1.0.0 | 4.31 | 47.78 | 52.09 | OK | |
r-release-linux-x86_64 | 1.0.0 | 4.12 | 47.48 | 51.60 | OK | |
r-release-macos-arm64 | 1.0.0 | 34.00 | OK | |||
r-release-macos-x86_64 | 1.0.0 | 45.00 | OK | |||
r-release-windows-x86_64 | 1.0.0 | 7.00 | 67.00 | 74.00 | OK | |
r-oldrel-macos-arm64 | 1.0.0 | 25.00 | NOTE | |||
r-oldrel-macos-x86_64 | 1.0.0 | 51.00 | NOTE | |||
r-oldrel-windows-x86_64 | 1.0.0 | 7.00 | 72.00 | 79.00 | OK |
Version: 1.0.0
Check: dependencies in R code
Result: NOTE
Namespaces in Imports field not imported from:
‘base’ ‘stats’ ‘tidyr’
All declared Imports should be used.
Flavors: r-devel-linux-x86_64-fedora-clang, r-devel-linux-x86_64-fedora-gcc, r-oldrel-macos-arm64, r-oldrel-macos-x86_64