CRAN Package Check Results for Package cdom

Last updated on 2024-06-12 20:58:51 CEST.

Flavor Version Tinstall Tcheck Ttotal Status Flags
r-devel-linux-x86_64-debian-clang 0.1.0 4.95 52.40 57.35 OK
r-devel-linux-x86_64-debian-gcc 0.1.0 0.33 1.71 2.04 ERROR
r-devel-linux-x86_64-fedora-clang 0.1.0 71.59 OK
r-devel-linux-x86_64-fedora-gcc 0.1.0 67.89 OK
r-devel-windows-x86_64 0.1.0 6.00 56.00 62.00 OK
r-patched-linux-x86_64 0.1.0 3.92 49.13 53.05 OK
r-release-linux-x86_64 0.1.0 3.63 49.01 52.64 OK
r-release-macos-arm64 0.1.0 26.00 OK
r-release-macos-x86_64 0.1.0 44.00 OK
r-release-windows-x86_64 0.1.0 7.00 57.00 64.00 OK
r-oldrel-macos-arm64 0.1.0 27.00 OK
r-oldrel-macos-x86_64 0.1.0 37.00 OK
r-oldrel-windows-x86_64 0.1.0 7.00 70.00 77.00 OK

Check Details

Version: 0.1.0
Check: package dependencies
Result: ERROR Packages required but not available: 'ggplot2', 'tidyr', 'broom' Package suggested but not available for checking: ‘eemR’ See section ‘The DESCRIPTION file’ in the ‘Writing R Extensions’ manual. Flavor: r-devel-linux-x86_64-debian-gcc