CRAN Package Check Results for Package cder

Last updated on 2022-10-07 21:51:01 CEST.

Flavor Version Tinstall Tcheck Ttotal Status Flags
r-devel-linux-x86_64-debian-clang 0.2-2 5.22 63.17 68.39 NOTE
r-devel-linux-x86_64-debian-gcc 0.2-2 5.30 47.79 53.09 NOTE
r-devel-linux-x86_64-fedora-clang 0.2-2 100.58 NOTE
r-devel-linux-x86_64-fedora-gcc 0.2-2 95.18 NOTE
r-devel-windows-x86_64 0.2-2 10.00 87.00 97.00 NOTE
r-patched-linux-x86_64 0.2-2 7.83 59.42 67.25 NOTE
r-release-linux-x86_64 0.2-2 6.44 59.82 66.26 NOTE
r-release-macos-arm64 0.2-2 27.00 NOTE
r-release-macos-x86_64 0.2-2 50.00 NOTE
r-release-windows-x86_64 0.2-2 15.00 88.00 103.00 NOTE
r-oldrel-macos-arm64 0.2-2 31.00 NOTE
r-oldrel-macos-x86_64 0.2-2 45.00 NOTE
r-oldrel-windows-ix86+x86_64 0.2-2 18.00 82.00 100.00 NOTE

Check Details

Version: 0.2-2
Check: LazyData
Result: NOTE
     'LazyData' is specified without a 'data' directory
Flavors: r-devel-linux-x86_64-debian-clang, r-devel-linux-x86_64-debian-gcc, r-devel-linux-x86_64-fedora-clang, r-devel-linux-x86_64-fedora-gcc, r-devel-windows-x86_64, r-patched-linux-x86_64, r-release-linux-x86_64, r-release-macos-arm64, r-release-macos-x86_64, r-release-windows-x86_64, r-oldrel-macos-arm64, r-oldrel-macos-x86_64, r-oldrel-windows-ix86+x86_64