Last updated on 2023-10-04 20:42:23 CEST.
Flavor | Version | Tinstall | Tcheck | Ttotal | Status | Flags |
---|---|---|---|---|---|---|
r-devel-linux-x86_64-debian-clang | 0.1.3 | 7.66 | 42.15 | 49.81 | OK | |
r-devel-linux-x86_64-debian-gcc | 0.1.3 | 7.56 | 32.78 | 40.34 | OK | |
r-devel-linux-x86_64-fedora-clang | 0.1.3 | 62.25 | NOTE | |||
r-devel-linux-x86_64-fedora-gcc | 0.1.3 | 61.58 | NOTE | |||
r-devel-windows-x86_64 | 0.1.3 | 9.00 | 57.00 | 66.00 | OK | |
r-patched-linux-x86_64 | 0.1.3 | 6.60 | 41.86 | 48.46 | OK | |
r-release-linux-x86_64 | 0.1.3 | 7.90 | 42.23 | 50.13 | OK | |
r-release-macos-arm64 | 0.1.3 | 24.00 | OK | |||
r-release-macos-x86_64 | 0.1.3 | 37.00 | OK | |||
r-release-windows-x86_64 | 0.1.3 | 12.00 | 60.00 | 72.00 | OK | |
r-oldrel-macos-arm64 | 0.1.3 | 19.00 | NOTE | |||
r-oldrel-macos-x86_64 | 0.1.3 | 32.00 | NOTE | |||
r-oldrel-windows-x86_64 | 0.1.3 | 11.00 | 59.00 | 70.00 | OK |
Version: 0.1.3
Check: data for non-ASCII characters
Result: NOTE
Note: found 32 marked UTF-8 strings
Flavors: r-devel-linux-x86_64-fedora-clang, r-devel-linux-x86_64-fedora-gcc, r-oldrel-macos-arm64, r-oldrel-macos-x86_64