CRAN Package Check Results for Package causaldata

Last updated on 2022-09-26 21:52:53 CEST.

Flavor Version Tinstall Tcheck Ttotal Status Flags
r-devel-linux-x86_64-debian-clang 0.1.3 7.45 42.98 50.43 OK
r-devel-linux-x86_64-debian-gcc 0.1.3 6.79 33.61 40.40 OK
r-devel-linux-x86_64-fedora-clang 0.1.3 79.64 NOTE
r-devel-linux-x86_64-fedora-gcc 0.1.3 73.22 NOTE
r-devel-windows-x86_64 0.1.3 66.00 75.00 141.00 OK
r-patched-linux-x86_64 0.1.3 6.15 41.33 47.48 OK
r-release-linux-x86_64 0.1.3 8.36 40.66 49.02 OK
r-release-macos-arm64 0.1.3 19.00 NOTE
r-release-macos-x86_64 0.1.3 32.00 NOTE
r-release-windows-x86_64 0.1.3 45.00 67.00 112.00 OK
r-oldrel-macos-arm64 0.1.3 119.00 NOTE
r-oldrel-macos-x86_64 0.1.3 35.00 NOTE
r-oldrel-windows-ix86+x86_64 0.1.3 16.00 63.00 79.00 OK

Check Details

Version: 0.1.3
Check: data for non-ASCII characters
Result: NOTE
     Note: found 32 marked UTF-8 strings
Flavors: r-devel-linux-x86_64-fedora-clang, r-devel-linux-x86_64-fedora-gcc, r-release-macos-arm64, r-release-macos-x86_64, r-oldrel-macos-arm64, r-oldrel-macos-x86_64