Last updated on 2025-07-12 20:50:24 CEST.
Flavor | Version | Tinstall | Tcheck | Ttotal | Status | Flags |
---|---|---|---|---|---|---|
r-devel-linux-x86_64-debian-clang | 0.1.0 | 13.91 | 117.38 | 131.29 | NOTE | |
r-devel-linux-x86_64-debian-gcc | 0.1.0 | 9.26 | 79.35 | 88.61 | NOTE | |
r-devel-linux-x86_64-fedora-clang | 0.1.0 | 207.59 | NOTE | |||
r-devel-linux-x86_64-fedora-gcc | 0.1.0 | 213.81 | NOTE | |||
r-devel-windows-x86_64 | 0.1.0 | 14.00 | 110.00 | 124.00 | OK | |
r-patched-linux-x86_64 | 0.1.0 | 13.55 | 110.67 | 124.22 | OK | |
r-release-linux-x86_64 | 0.1.0 | 12.54 | 110.73 | 123.27 | OK | |
r-release-macos-arm64 | 0.1.0 | 58.00 | OK | |||
r-release-macos-x86_64 | 0.1.0 | 117.00 | OK | |||
r-release-windows-x86_64 | 0.1.0 | 14.00 | 114.00 | 128.00 | OK | |
r-oldrel-macos-arm64 | 0.1.0 | 59.00 | OK | |||
r-oldrel-macos-x86_64 | 0.1.0 | 82.00 | OK | |||
r-oldrel-windows-x86_64 | 0.1.0 | 20.00 | 145.00 | 165.00 | OK |
Version: 0.1.0
Check: CRAN incoming feasibility
Result: NOTE
Maintainer: ‘Suyeon Kang <skang062@ucr.edu>’
The Description field contains
<arXiv:2109.06940>. This package allows researchers to use the
Please refer to arXiv e-prints via their arXiv DOI <doi:10.48550/arXiv.YYMM.NNNNN>.
Flavors: r-devel-linux-x86_64-debian-clang, r-devel-linux-x86_64-debian-gcc
Version: 0.1.0
Check: dependencies in R code
Result: NOTE
Namespaces in Imports field not imported from:
‘CBPS’ ‘spelling’
All declared Imports should be used.
Flavors: r-devel-linux-x86_64-fedora-clang, r-devel-linux-x86_64-fedora-gcc