CRAN Package Check Results for Package catmaply

Last updated on 2022-09-28 21:51:33 CEST.

Flavor Version Tinstall Tcheck Ttotal Status Flags
r-devel-linux-x86_64-debian-clang 0.9.2 5.53 128.09 133.62 OK
r-devel-linux-x86_64-debian-gcc 0.9.2 4.73 100.24 104.97 OK
r-devel-linux-x86_64-fedora-clang 0.9.2 177.55 NOTE
r-devel-linux-x86_64-fedora-gcc 0.9.2 195.85 OK
r-devel-windows-x86_64 0.9.2 31.00 202.00 233.00 NOTE
r-patched-linux-x86_64 0.9.2 6.89 128.71 135.60 OK
r-release-linux-x86_64 0.9.2 5.66 128.87 134.53 OK
r-release-macos-arm64 0.9.2 85.00 NOTE
r-release-macos-x86_64 0.9.2 89.00 NOTE
r-release-windows-x86_64 0.9.2 36.00 208.00 244.00 NOTE
r-oldrel-macos-arm64 0.9.2 77.00 NOTE
r-oldrel-macos-x86_64 0.9.2 87.00 NOTE
r-oldrel-windows-ix86+x86_64 0.9.2 11.00 157.00 168.00 NOTE

Check Details

Version: 0.9.2
Check: installed package size
Result: NOTE
     installed size is 38.0Mb
     sub-directories of 1Mb or more:
     doc 37.7Mb
Flavors: r-devel-linux-x86_64-fedora-clang, r-devel-windows-x86_64, r-release-macos-arm64, r-release-macos-x86_64, r-release-windows-x86_64, r-oldrel-macos-arm64, r-oldrel-macos-x86_64, r-oldrel-windows-ix86+x86_64