CRAN Package Check Results for Package catmap

Last updated on 2022-10-02 22:51:34 CEST.

Flavor Version Tinstall Tcheck Ttotal Status Flags
r-devel-linux-x86_64-debian-clang 1.6.4 3.38 35.19 38.57 NOTE
r-devel-linux-x86_64-debian-gcc 1.6.4 2.45 26.79 29.24 NOTE
r-devel-linux-x86_64-fedora-clang 1.6.4 62.20 NOTE
r-devel-linux-x86_64-fedora-gcc 1.6.4 57.80 NOTE
r-devel-windows-x86_64 1.6.4 9.00 60.00 69.00 OK
r-patched-linux-x86_64 1.6.4 3.24 33.82 37.06 NOTE
r-release-linux-x86_64 1.6.4 2.89 33.33 36.22 NOTE
r-release-macos-arm64 1.6.4 19.00 OK
r-release-macos-x86_64 1.6.4 25.00 OK
r-release-windows-x86_64 1.6.4 14.00 60.00 74.00 OK
r-oldrel-macos-arm64 1.6.4 22.00 OK
r-oldrel-macos-x86_64 1.6.4 33.00 OK
r-oldrel-windows-ix86+x86_64 1.6.4 6.00 58.00 64.00 OK

Check Details

Version: 1.6.4
Check: for non-standard things in the check directory
Result: NOTE
    Found the following files/directories:
     'catmapdata.fixed.effects.plot.pdf' 'catmapdata.funnel.plot.pdf'
     'catmapdata.output.txt' 'catmapdata.random.effects.plot.pdf'
Flavors: r-devel-linux-x86_64-debian-clang, r-devel-linux-x86_64-debian-gcc, r-devel-linux-x86_64-fedora-clang, r-devel-linux-x86_64-fedora-gcc, r-patched-linux-x86_64, r-release-linux-x86_64