Last updated on 2024-04-26 21:57:10 CEST.
Flavor | Version | Tinstall | Tcheck | Ttotal | Status | Flags |
---|---|---|---|---|---|---|
r-devel-linux-x86_64-debian-clang | 1.1.1 | 2.24 | 2.24 | ERROR | ||
r-devel-linux-x86_64-debian-gcc | 1.1.1 | 23.12 | 245.78 | 268.90 | NOTE | |
r-devel-linux-x86_64-fedora-clang | 1.1.1 | 450.61 | NOTE | |||
r-devel-linux-x86_64-fedora-gcc | 1.1.1 | 458.00 | NOTE | |||
r-devel-windows-x86_64 | 1.1.1 | 30.00 | 251.00 | 281.00 | NOTE | |
r-patched-linux-x86_64 | 1.1.1 | 36.69 | 322.32 | 359.01 | NOTE | |
r-release-linux-x86_64 | 1.1.1 | 29.08 | 331.75 | 360.83 | OK | |
r-release-macos-arm64 | 1.1.1 | 130.00 | NOTE | |||
r-release-macos-x86_64 | 1.1.1 | 270.00 | OK | |||
r-release-windows-x86_64 | 1.1.1 | 28.00 | 247.00 | 275.00 | NOTE | |
r-oldrel-macos-arm64 | 1.1.1 | 129.00 | OK | |||
r-oldrel-macos-x86_64 | 1.1.1 | 264.00 | OK | |||
r-oldrel-windows-x86_64 | 1.1.1 | 38.00 | 313.00 | 351.00 | OK |
Version: 1.1.1
Check: package dependencies
Result: ERROR
Packages required but not available: 'sva', 'leapp'
See section ‘The DESCRIPTION file’ in the ‘Writing R Extensions’
manual.
Flavor: r-devel-linux-x86_64-debian-clang
Version: 1.1.1
Check: Rd files
Result: NOTE
checkRd: (-1) gen.sim.data.Rd:73: Lost braces; missing escapes or markup?
73 | Y = X_0 Beta_0^T + X_1 Beta_1^T + Z Gamma^T + E Sigma^{1/2},
| ^
Flavors: r-devel-linux-x86_64-debian-gcc, r-devel-linux-x86_64-fedora-clang, r-devel-linux-x86_64-fedora-gcc, r-devel-windows-x86_64, r-patched-linux-x86_64, r-release-macos-arm64, r-release-windows-x86_64