Last updated on 2025-11-03 21:50:15 CET.
| Flavor | Version | Tinstall | Tcheck | Ttotal | Status | Flags | 
|---|---|---|---|---|---|---|
| r-devel-linux-x86_64-debian-clang | 3.17 | 8.13 | 70.44 | 78.57 | NOTE | |
| r-devel-linux-x86_64-debian-gcc | 3.17 | 4.95 | 46.38 | 51.33 | NOTE | |
| r-devel-linux-x86_64-fedora-clang | 3.17 | 15.00 | 100.48 | 115.48 | OK | |
| r-devel-linux-x86_64-fedora-gcc | 3.17 | 28.00 | 92.35 | 120.35 | OK | |
| r-devel-windows-x86_64 | 3.17 | 7.00 | 78.00 | 85.00 | OK | |
| r-patched-linux-x86_64 | 3.17 | 9.23 | 65.33 | 74.56 | OK | |
| r-release-linux-x86_64 | 3.17 | 7.29 | 65.25 | 72.54 | OK | |
| r-release-macos-arm64 | 3.17 | 3.00 | 29.00 | 32.00 | OK | |
| r-release-macos-x86_64 | 3.17 | 6.00 | 51.00 | 57.00 | OK | |
| r-release-windows-x86_64 | 3.17 | 8.00 | 80.00 | 88.00 | OK | |
| r-oldrel-macos-arm64 | 3.17 | 3.00 | 32.00 | 35.00 | OK | |
| r-oldrel-macos-x86_64 | 3.17 | 5.00 | 40.00 | 45.00 | OK | |
| r-oldrel-windows-x86_64 | 3.17 | 8.00 | 78.00 | 86.00 | OK | 
Version: 3.17
Check: CRAN incoming feasibility
Result: NOTE
  Maintainer: ‘Cheng Hua <chuabest@gmail.com>’
  
  No Authors@R field in DESCRIPTION.
  Please add one, modifying
    Authors@R: c(person(given = "David",
                        family = "Magis",
                        role = "aut",
                        comment = "U Liege, Belgium"),
                 person(given = "Gilles",
                        family = "Raiche",
                        role = "aut",
                        comment = "UQAM, Canada"),
                 person(given = c("Juan", "Ramon"),
                        family = "Barrada",
                        role = "aut",
                        comment = "U Zaragoza, Spain"),
                 person(given = "Cheng",
                        family = "Hua",
                        role = "cre",
                        email = "chuabest@gmail.com"))
  as necessary.
Flavors: r-devel-linux-x86_64-debian-clang, r-devel-linux-x86_64-debian-gcc