Last updated on 2024-03-27 19:56:47 CET.
Flavor | Version | Tinstall | Tcheck | Ttotal | Status | Flags |
---|---|---|---|---|---|---|
r-devel-linux-x86_64-debian-clang | 0.1.0 | 4.97 | 121.46 | 126.43 | NOTE | |
r-devel-linux-x86_64-debian-gcc | 0.1.0 | 6.34 | 86.92 | 93.26 | NOTE | |
r-devel-linux-x86_64-fedora-clang | 0.1.0 | 155.91 | NOTE | |||
r-devel-linux-x86_64-fedora-gcc | 0.1.0 | 164.27 | NOTE | |||
r-devel-windows-x86_64 | 0.1.0 | 7.00 | 102.00 | 109.00 | NOTE | |
r-patched-linux-x86_64 | 0.1.0 | 7.05 | 115.33 | 122.38 | NOTE | |
r-release-linux-x86_64 | 0.1.0 | 7.54 | 114.74 | 122.28 | NOTE | |
r-release-macos-arm64 | 0.1.0 | 49.00 | NOTE | |||
r-release-macos-x86_64 | 0.1.0 | 81.00 | NOTE | |||
r-release-windows-x86_64 | 0.1.0 | 9.00 | 117.00 | 126.00 | NOTE | |
r-oldrel-macos-arm64 | 0.1.0 | 44.00 | NOTE | |||
r-oldrel-windows-x86_64 | 0.1.0 | 10.00 | 126.00 | 136.00 | NOTE |
Version: 0.1.0
Check: Rd metadata
Result: NOTE
Invalid package aliases in Rd file 'EcoLinkPredict.Rd':
‘EcoLinkPredict-package’
Flavors: r-devel-linux-x86_64-debian-clang, r-devel-linux-x86_64-debian-gcc, r-devel-linux-x86_64-fedora-clang, r-devel-linux-x86_64-fedora-gcc, r-devel-windows-x86_64
Version: 0.1.0
Check: LazyData
Result: NOTE
'LazyData' is specified without a 'data' directory
Flavors: r-devel-linux-x86_64-debian-clang, r-devel-linux-x86_64-debian-gcc, r-devel-linux-x86_64-fedora-clang, r-devel-linux-x86_64-fedora-gcc, r-devel-windows-x86_64, r-patched-linux-x86_64, r-release-linux-x86_64, r-release-macos-arm64, r-release-macos-x86_64, r-release-windows-x86_64, r-oldrel-macos-arm64, r-oldrel-windows-x86_64