Last updated on 2024-04-17 20:57:29 CEST.
Flavor | Version | Tinstall | Tcheck | Ttotal | Status | Flags |
---|---|---|---|---|---|---|
r-devel-linux-x86_64-debian-clang | 0.1.0 | 12.66 | 54.92 | 67.58 | NOTE | |
r-devel-linux-x86_64-debian-gcc | 0.1.0 | 6.83 | 42.18 | 49.01 | NOTE | |
r-devel-linux-x86_64-fedora-clang | 0.1.0 | 89.02 | NOTE | |||
r-devel-linux-x86_64-fedora-gcc | 0.1.0 | 103.94 | NOTE | |||
r-prerel-macos-arm64 | 0.1.0 | 40.00 | NOTE | |||
r-prerel-windows-x86_64 | 0.1.0 | 10.00 | 68.00 | 78.00 | NOTE | |
r-patched-linux-x86_64 | 0.1.0 | 10.06 | 52.18 | 62.24 | NOTE | |
r-release-linux-x86_64 | 0.1.0 | 7.64 | 51.66 | 59.30 | NOTE | |
r-release-macos-arm64 | 0.1.0 | 36.00 | NOTE | |||
r-release-macos-x86_64 | 0.1.0 | 53.00 | NOTE | |||
r-release-windows-x86_64 | 0.1.0 | 13.00 | 70.00 | 83.00 | NOTE | |
r-oldrel-macos-arm64 | 0.1.0 | 37.00 | NOTE | |||
r-oldrel-windows-x86_64 | 0.1.0 | 12.00 | 73.00 | 85.00 | NOTE |
Version: 0.1.0
Check: LazyData
Result: NOTE
'LazyData' is specified without a 'data' directory
Flavors: r-devel-linux-x86_64-debian-clang, r-devel-linux-x86_64-debian-gcc, r-devel-linux-x86_64-fedora-clang, r-devel-linux-x86_64-fedora-gcc, r-prerel-macos-arm64, r-prerel-windows-x86_64, r-patched-linux-x86_64, r-release-linux-x86_64, r-release-macos-arm64, r-release-macos-x86_64, r-release-windows-x86_64, r-oldrel-macos-arm64, r-oldrel-windows-x86_64
Version: 0.1.0
Check: dependencies in R code
Result: NOTE
Namespaces in Imports field not imported from:
‘R6’ ‘crayon’ ‘dplyr’ ‘tidyr’
All declared Imports should be used.
Flavors: r-devel-linux-x86_64-fedora-clang, r-devel-linux-x86_64-fedora-gcc, r-oldrel-macos-arm64