Last updated on 2025-05-09 20:49:46 CEST.
Flavor | Version | Tinstall | Tcheck | Ttotal | Status | Flags |
---|---|---|---|---|---|---|
r-devel-linux-x86_64-debian-clang | 1.0.0 | 2.40 | 32.49 | 34.89 | NOTE | |
r-devel-linux-x86_64-debian-gcc | 1.0.0 | 1.66 | 23.06 | 24.72 | NOTE | |
r-devel-linux-x86_64-fedora-clang | 1.0.0 | 54.11 | OK | |||
r-devel-linux-x86_64-fedora-gcc | 1.0.0 | 51.41 | OK | |||
r-devel-windows-x86_64 | 1.0.0 | 3.00 | 50.00 | 53.00 | OK | |
r-patched-linux-x86_64 | 1.0.0 | 3.04 | 29.93 | 32.97 | NOTE | |
r-release-linux-x86_64 | 1.0.0 | 2.22 | 30.96 | 33.18 | NOTE | |
r-release-macos-arm64 | 1.0.0 | 22.00 | OK | |||
r-release-macos-x86_64 | 1.0.0 | 32.00 | OK | |||
r-release-windows-x86_64 | 1.0.0 | 3.00 | 54.00 | 57.00 | OK | |
r-oldrel-macos-arm64 | 1.0.0 | 24.00 | OK | |||
r-oldrel-macos-x86_64 | 1.0.0 | 27.00 | OK | |||
r-oldrel-windows-x86_64 | 1.0.0 | 3.00 | 49.00 | 52.00 | OK |
Version: 1.0.0
Check: for unstated dependencies in ‘demo’
Result: NOTE
'library' or 'require' call not declared from: ‘deSolve’
Flavors: r-devel-linux-x86_64-debian-clang, r-devel-linux-x86_64-debian-gcc, r-patched-linux-x86_64, r-release-linux-x86_64