Last updated on 2024-03-28 19:48:26 CET.
Flavor | Version | Tinstall | Tcheck | Ttotal | Status | Flags |
---|---|---|---|---|---|---|
r-devel-linux-x86_64-debian-clang | 1.0.3 | 7.11 | 113.29 | 120.40 | NOTE | |
r-devel-linux-x86_64-debian-gcc | 1.0.3 | 6.53 | 82.38 | 88.91 | NOTE | |
r-devel-linux-x86_64-fedora-clang | 1.0.3 | 146.08 | NOTE | |||
r-devel-linux-x86_64-fedora-gcc | 1.0.3 | 156.55 | NOTE | |||
r-devel-windows-x86_64 | 1.0.3 | 7.00 | 130.00 | 137.00 | NOTE | |
r-patched-linux-x86_64 | 1.0.3 | 10.46 | 111.92 | 122.38 | NOTE | |
r-release-linux-x86_64 | 1.0.3 | 8.45 | 107.38 | 115.83 | OK | |
r-release-macos-arm64 | 1.0.3 | 57.00 | OK | |||
r-release-macos-x86_64 | 1.0.3 | 254.00 | OK | |||
r-release-windows-x86_64 | 1.0.3 | 8.00 | 139.00 | 147.00 | OK | |
r-oldrel-macos-arm64 | 1.0.3 | 53.00 | OK | |||
r-oldrel-windows-x86_64 | 1.0.3 | 8.00 | 145.00 | 153.00 | OK |
Version: 1.0.3
Check: Rd files
Result: NOTE
checkRd: (-1) macrocaic.Rd:31: Lost braces; missing escapes or markup?
31 | {RRD = ln(N_1/N_2)}
| ^
checkRd: (-1) macrocaic.Rd:34: Lost braces; missing escapes or markup?
34 | {PDI = (N_1/(N_1 + N_2))-0.5}
| ^
checkRd: (-1) pd.calc.Rd:33: Lost braces
33 | \item{Length of tip branch lengths (TIPS)}{Length of tip branch lengths (TIPS)}{Unlike UEH, this measure does not use the unique paths to each tips on the \strong{subtree} and instead gives the sum of the unique branches leading to the tips on the \strong{complete tree}.}
| ^
Flavors: r-devel-linux-x86_64-debian-clang, r-devel-linux-x86_64-debian-gcc, r-devel-linux-x86_64-fedora-clang, r-devel-linux-x86_64-fedora-gcc, r-devel-windows-x86_64, r-patched-linux-x86_64