CRAN Package Check Results for Package cape

Last updated on 2024-06-12 20:58:50 CEST.

Flavor Version Tinstall Tcheck Ttotal Status Flags
r-devel-linux-x86_64-debian-clang 3.1.2 26.39 364.93 391.32 OK
r-devel-linux-x86_64-debian-gcc 3.1.2 0.98 1.73 2.71 ERROR
r-devel-linux-x86_64-fedora-clang 3.1.2 479.46 OK
r-devel-linux-x86_64-fedora-gcc 3.1.2 463.67 OK
r-devel-windows-x86_64 3.1.2 23.00 250.00 273.00 OK
r-patched-linux-x86_64 3.1.2 28.82 346.95 375.77 OK
r-release-linux-x86_64 3.1.2 25.64 341.30 366.94 OK
r-release-macos-arm64 3.1.2 110.00 OK
r-release-macos-x86_64 3.1.2 185.00 OK
r-release-windows-x86_64 3.1.2 24.00 251.00 275.00 OK
r-oldrel-macos-arm64 3.1.2 117.00 OK
r-oldrel-macos-x86_64 3.1.2 278.00 OK
r-oldrel-windows-x86_64 3.1.2 32.00 315.00 347.00 OK

Check Details

Version: 3.1.2
Check: package dependencies
Result: ERROR Packages required but not available: 'igraph', 'qtl2', 'qtl2convert' Package suggested but not available for checking: ‘testthat’ See section ‘The DESCRIPTION file’ in the ‘Writing R Extensions’ manual. Flavor: r-devel-linux-x86_64-debian-gcc