Last updated on 2024-04-18 21:56:46 CEST.
Flavor | Version | Tinstall | Tcheck | Ttotal | Status | Flags |
---|---|---|---|---|---|---|
r-devel-linux-x86_64-debian-clang | 3.1.8 | 5.35 | 48.09 | 53.44 | NOTE | |
r-devel-linux-x86_64-debian-gcc | 3.1.8 | 3.76 | 35.19 | 38.95 | NOTE | |
r-devel-linux-x86_64-fedora-clang | 3.1.8 | 65.41 | NOTE | |||
r-devel-linux-x86_64-fedora-gcc | 3.1.8 | 61.99 | NOTE | |||
r-prerel-macos-arm64 | 3.1.8 | 24.00 | NOTE | |||
r-prerel-windows-x86_64 | 3.1.8 | 6.00 | 59.00 | 65.00 | NOTE | |
r-patched-linux-x86_64 | 3.1.8 | 5.38 | 46.00 | 51.38 | NOTE | |
r-release-linux-x86_64 | 3.1.8 | 5.01 | 46.79 | 51.80 | OK | |
r-release-macos-arm64 | 3.1.8 | 23.00 | OK | |||
r-release-macos-x86_64 | 3.1.8 | 35.00 | OK | |||
r-release-windows-x86_64 | 3.1.8 | 6.00 | 65.00 | 71.00 | OK | |
r-oldrel-macos-arm64 | 3.1.8 | 26.00 | OK | |||
r-oldrel-windows-x86_64 | 3.1.8 | 6.00 | 73.00 | 79.00 | OK |
Version: 3.1.8
Check: Rd contents
Result: NOTE
Argument items with no description in Rd file 'makeEventHistory.Rd':
‘type’
Argument items with no description in Rd file 'plotSeqCount.Rd':
‘segColors’
Flavors: r-devel-linux-x86_64-debian-clang, r-devel-linux-x86_64-debian-gcc, r-devel-linux-x86_64-fedora-clang, r-devel-linux-x86_64-fedora-gcc, r-prerel-macos-arm64, r-prerel-windows-x86_64, r-patched-linux-x86_64