CRAN Package Check Results for Package cancensus

Last updated on 2022-12-02 20:53:10 CET.

Flavor Version Tinstall Tcheck Ttotal Status Flags
r-devel-linux-x86_64-debian-clang 0.5.4 6.95 82.75 89.70 OK
r-devel-linux-x86_64-debian-gcc 0.5.4 5.47 61.46 66.93 OK
r-devel-linux-x86_64-fedora-clang 0.5.4 124.34 NOTE
r-devel-linux-x86_64-fedora-gcc 0.5.4 115.63 NOTE
r-devel-windows-x86_64 0.5.4 41.00 126.00 167.00 OK
r-patched-linux-x86_64 0.5.4 4.93 77.68 82.61 OK
r-release-linux-x86_64 0.5.4 4.82 72.65 77.47 OK
r-release-macos-arm64 0.5.4 47.00 NOTE
r-release-macos-x86_64 0.5.4 57.00 NOTE
r-release-windows-x86_64 0.5.4 51.00 132.00 183.00 OK
r-oldrel-macos-arm64 0.5.4 51.00 NOTE
r-oldrel-macos-x86_64 0.5.4 65.00 NOTE
r-oldrel-windows-ix86+x86_64 0.5.4 15.00 117.00 132.00 OK

Check Details

Version: 0.5.4
Check: data for non-ASCII characters
Result: NOTE
     Note: found 23 marked UTF-8 strings
Flavors: r-devel-linux-x86_64-fedora-clang, r-devel-linux-x86_64-fedora-gcc, r-release-macos-arm64, r-release-macos-x86_64, r-oldrel-macos-arm64, r-oldrel-macos-x86_64