Last updated on 2023-10-04 20:42:23 CEST.
Flavor | Version | Tinstall | Tcheck | Ttotal | Status | Flags |
---|---|---|---|---|---|---|
r-devel-linux-x86_64-debian-clang | 0.5.5 | 7.69 | 84.60 | 92.29 | OK | |
r-devel-linux-x86_64-debian-gcc | 0.5.5 | 4.50 | 64.04 | 68.54 | OK | |
r-devel-linux-x86_64-fedora-clang | 0.5.5 | 113.73 | NOTE | |||
r-devel-linux-x86_64-fedora-gcc | 0.5.5 | 120.05 | NOTE | |||
r-devel-windows-x86_64 | 0.5.5 | 10.00 | 102.00 | 112.00 | OK | |
r-patched-linux-x86_64 | 0.5.5 | 8.49 | 80.70 | 89.19 | OK | |
r-release-linux-x86_64 | 0.5.5 | 6.92 | 81.20 | 88.12 | OK | |
r-release-macos-arm64 | 0.5.5 | 61.00 | OK | |||
r-release-macos-x86_64 | 0.5.5 | 75.00 | OK | |||
r-release-windows-x86_64 | 0.5.5 | 14.00 | 112.00 | 126.00 | OK | |
r-oldrel-macos-arm64 | 0.5.5 | 50.00 | OK | |||
r-oldrel-macos-x86_64 | 0.5.5 | 61.00 | OK | |||
r-oldrel-windows-x86_64 | 0.5.5 | 11.00 | 109.00 | 120.00 | OK |
Version: 0.5.5
Check: data for non-ASCII characters
Result: NOTE
Note: found 23 marked UTF-8 strings
Flavors: r-devel-linux-x86_64-fedora-clang, r-devel-linux-x86_64-fedora-gcc