CRAN Package Check Results for Package camsRad

Last updated on 2022-10-03 21:53:33 CEST.

Flavor Version Tinstall Tcheck Ttotal Status Flags
r-devel-linux-x86_64-debian-clang 0.3.0 1.86 25.91 27.77 NOTE
r-devel-linux-x86_64-debian-gcc 0.3.0 1.76 20.53 22.29 NOTE
r-devel-linux-x86_64-fedora-clang 0.3.0 47.58 NOTE
r-devel-linux-x86_64-fedora-gcc 0.3.0 43.64 NOTE
r-devel-windows-x86_64 0.3.0 10.00 56.00 66.00 NOTE
r-patched-linux-x86_64 0.3.0 2.29 25.38 27.67 NOTE
r-release-linux-x86_64 0.3.0 1.93 25.03 26.96 NOTE
r-release-macos-arm64 0.3.0 16.00 NOTE
r-release-macos-x86_64 0.3.0 23.00 NOTE
r-release-windows-x86_64 0.3.0 7.00 53.00 60.00 NOTE
r-oldrel-macos-arm64 0.3.0 23.00 NOTE
r-oldrel-macos-x86_64 0.3.0 29.00 NOTE
r-oldrel-windows-ix86+x86_64 0.3.0 4.00 51.00 55.00 NOTE

Check Details

Version: 0.3.0
Check: LazyData
Result: NOTE
     'LazyData' is specified without a 'data' directory
Flavors: r-devel-linux-x86_64-debian-clang, r-devel-linux-x86_64-debian-gcc, r-devel-linux-x86_64-fedora-clang, r-devel-linux-x86_64-fedora-gcc, r-devel-windows-x86_64, r-patched-linux-x86_64, r-release-linux-x86_64, r-release-macos-arm64, r-release-macos-x86_64, r-release-windows-x86_64, r-oldrel-macos-arm64, r-oldrel-macos-x86_64, r-oldrel-windows-ix86+x86_64