Last updated on 2025-02-06 19:49:19 CET.
Flavor | Version | Tinstall | Tcheck | Ttotal | Status | Flags |
---|---|---|---|---|---|---|
r-devel-linux-x86_64-debian-clang | 0.0.3 | 4.33 | 37.56 | 41.89 | OK | |
r-devel-linux-x86_64-debian-gcc | 0.0.3 | 2.97 | 28.81 | 31.78 | OK | |
r-devel-linux-x86_64-fedora-clang | 0.0.3 | 67.28 | OK | |||
r-devel-linux-x86_64-fedora-gcc | 0.0.3 | 72.81 | OK | |||
r-devel-windows-x86_64 | 0.0.3 | 6.00 | 55.00 | 61.00 | OK | |
r-patched-linux-x86_64 | 0.0.3 | 3.75 | 34.49 | 38.24 | NOTE | |
r-release-linux-x86_64 | 0.0.3 | 4.08 | 34.42 | 38.50 | NOTE | |
r-release-macos-arm64 | 0.0.3 | 29.00 | NOTE | |||
r-release-macos-x86_64 | 0.0.3 | 49.00 | NOTE | |||
r-release-windows-x86_64 | 0.0.3 | 5.00 | 54.00 | 59.00 | NOTE | |
r-oldrel-macos-arm64 | 0.0.3 | 30.00 | NOTE | |||
r-oldrel-macos-x86_64 | 0.0.3 | 42.00 | NOTE | |||
r-oldrel-windows-x86_64 | 0.0.3 | 7.00 | 61.00 | 68.00 | NOTE |
Version: 0.0.3
Check: LazyData
Result: NOTE
'LazyData' is specified without a 'data' directory
Flavors: r-patched-linux-x86_64, r-release-linux-x86_64, r-release-macos-arm64, r-release-macos-x86_64, r-release-windows-x86_64, r-oldrel-macos-arm64, r-oldrel-macos-x86_64, r-oldrel-windows-x86_64