Last updated on 2024-04-23 20:51:59 CEST.
Flavor | Version | Tinstall | Tcheck | Ttotal | Status | Flags |
---|---|---|---|---|---|---|
r-devel-linux-x86_64-debian-clang | 0.5.0 | 16.68 | 401.86 | 418.54 | OK | |
r-devel-linux-x86_64-debian-gcc | 0.5.0 | 13.11 | 297.97 | 311.08 | OK | |
r-devel-linux-x86_64-fedora-clang | 0.5.0 | 535.36 | NOTE | |||
r-devel-linux-x86_64-fedora-gcc | 0.5.0 | 539.08 | NOTE | |||
r-prerel-macos-arm64 | 0.5.0 | 137.00 | OK | |||
r-prerel-windows-x86_64 | 0.5.0 | 15.00 | 293.00 | 308.00 | OK | |
r-patched-linux-x86_64 | 0.5.0 | 14.30 | 388.53 | 402.83 | OK | |
r-release-linux-x86_64 | 0.5.0 | 10.48 | 374.61 | 385.09 | OK | |
r-release-macos-arm64 | 0.5.0 | 196.00 | OK | |||
r-release-macos-x86_64 | 0.5.0 | 305.00 | OK | |||
r-release-windows-x86_64 | 0.5.0 | 20.00 | 392.00 | 412.00 | OK | |
r-oldrel-macos-arm64 | 0.5.0 | 143.00 | OK | |||
r-oldrel-windows-x86_64 | 0.5.0 | 19.00 | 404.00 | 423.00 | OK |
Version: 0.5.0
Check: data for non-ASCII characters
Result: NOTE
Note: found 58 marked UTF-8 strings
Flavors: r-devel-linux-x86_64-fedora-clang, r-devel-linux-x86_64-fedora-gcc