CRAN Package Check Results for Package calendR

Last updated on 2022-11-27 19:51:26 CET.

Flavor Version Tinstall Tcheck Ttotal Status Flags
r-devel-linux-x86_64-debian-clang 1.1 8.18 74.92 83.10 NOTE
r-devel-linux-x86_64-debian-gcc 1.1 7.24 54.01 61.25 NOTE
r-devel-linux-x86_64-fedora-clang 1.1 112.11 NOTE
r-devel-linux-x86_64-fedora-gcc 1.1 111.67 NOTE
r-devel-windows-x86_64 1.1 12.00 96.00 108.00 NOTE
r-patched-linux-x86_64 1.1 8.78 68.66 77.44 NOTE
r-release-linux-x86_64 1.1 7.30 68.77 76.07 NOTE
r-release-macos-arm64 1.1 30.00 NOTE
r-release-macos-x86_64 1.1 60.00 NOTE
r-release-windows-x86_64 1.1 13.00 98.00 111.00 NOTE
r-oldrel-macos-arm64 1.1 32.00 NOTE
r-oldrel-macos-x86_64 1.1 43.00 NOTE
r-oldrel-windows-ix86+x86_64 1.1 20.00 93.00 113.00 NOTE

Check Details

Version: 1.1
Check: LazyData
Result: NOTE
     'LazyData' is specified without a 'data' directory
Flavors: r-devel-linux-x86_64-debian-clang, r-devel-linux-x86_64-debian-gcc, r-devel-linux-x86_64-fedora-clang, r-devel-linux-x86_64-fedora-gcc, r-devel-windows-x86_64, r-patched-linux-x86_64, r-release-linux-x86_64, r-release-macos-arm64, r-release-macos-x86_64, r-release-windows-x86_64, r-oldrel-macos-arm64, r-oldrel-macos-x86_64, r-oldrel-windows-ix86+x86_64