CRAN Package Check Results for Package cacc

Last updated on 2024-06-12 20:58:50 CEST.

Flavor Version Tinstall Tcheck Ttotal Status Flags
r-devel-linux-x86_64-debian-clang 0.1.0 3.55 34.58 38.13 OK
r-devel-linux-x86_64-debian-gcc 0.1.0 0.36 1.74 2.10 ERROR
r-devel-linux-x86_64-fedora-clang 0.1.0 46.88 OK
r-devel-linux-x86_64-fedora-gcc 0.1.0 43.35 OK
r-devel-windows-x86_64 0.1.0 4.00 47.00 51.00 OK
r-patched-linux-x86_64 0.1.0 2.61 32.60 35.21 OK
r-release-linux-x86_64 0.1.0 3.24 32.91 36.15 OK
r-release-macos-arm64 0.1.0 20.00 OK
r-release-macos-x86_64 0.1.0 42.00 OK
r-release-windows-x86_64 0.1.0 5.00 47.00 52.00 OK
r-oldrel-macos-arm64 0.1.0 22.00 OK
r-oldrel-macos-x86_64 0.1.0 25.00 OK
r-oldrel-windows-x86_64 0.1.0 5.00 52.00 57.00 OK

Check Details

Version: 0.1.0
Check: package dependencies
Result: ERROR Packages required but not available: 'dplyr', 'ggplot2', 'tibble', 'tidyr' See section ‘The DESCRIPTION file’ in the ‘Writing R Extensions’ manual. Flavor: r-devel-linux-x86_64-debian-gcc