CRAN Package Check Results for Package cabinets

Last updated on 2023-10-04 20:42:23 CEST.

Flavor Version Tinstall Tcheck Ttotal Status Flags
r-devel-linux-x86_64-debian-clang 0.6.0 3.48 27.89 31.37 NOTE
r-devel-linux-x86_64-debian-gcc 0.6.0 2.41 22.00 24.41 NOTE
r-devel-linux-x86_64-fedora-clang 0.6.0 38.52 NOTE
r-devel-linux-x86_64-fedora-gcc 0.6.0 36.00 NOTE
r-devel-windows-x86_64 0.6.0 5.00 43.00 48.00 NOTE
r-patched-linux-x86_64 0.6.0 2.79 26.99 29.78 NOTE
r-release-linux-x86_64 0.6.0 3.52 27.79 31.31 NOTE
r-release-macos-arm64 0.6.0 20.00 NOTE
r-release-macos-x86_64 0.6.0 24.00 NOTE
r-release-windows-x86_64 0.6.0 5.00 45.00 50.00 NOTE
r-oldrel-macos-arm64 0.6.0 17.00 NOTE
r-oldrel-macos-x86_64 0.6.0 24.00 NOTE
r-oldrel-windows-x86_64 0.6.0 6.00 47.00 53.00 NOTE

Check Details

Version: 0.6.0
Check: LazyData
Result: NOTE
     'LazyData' is specified without a 'data' directory
Flavors: r-devel-linux-x86_64-debian-clang, r-devel-linux-x86_64-debian-gcc, r-devel-linux-x86_64-fedora-clang, r-devel-linux-x86_64-fedora-gcc, r-devel-windows-x86_64, r-patched-linux-x86_64, r-release-linux-x86_64, r-release-macos-arm64, r-release-macos-x86_64, r-release-windows-x86_64, r-oldrel-macos-arm64, r-oldrel-macos-x86_64, r-oldrel-windows-x86_64