Last updated on 2025-07-08 21:48:21 CEST.
Flavor | Version | Tinstall | Tcheck | Ttotal | Status | Flags |
---|---|---|---|---|---|---|
r-devel-linux-x86_64-debian-clang | 1.4 | 5.03 | 286.69 | 291.72 | OK | |
r-devel-linux-x86_64-debian-gcc | 1.4 | 3.63 | 219.11 | 222.74 | OK | |
r-devel-linux-x86_64-fedora-clang | 1.4 | 331.11 | OK | |||
r-devel-linux-x86_64-fedora-gcc | 1.4 | 334.14 | OK | |||
r-devel-windows-x86_64 | 1.4 | 9.00 | 110.00 | 119.00 | OK | |
r-patched-linux-x86_64 | 1.4 | 4.83 | 280.20 | 285.03 | OK | |
r-release-linux-x86_64 | 1.4 | 4.44 | 280.52 | 284.96 | OK | |
r-release-macos-arm64 | 1.4 | 63.00 | OK | |||
r-release-macos-x86_64 | 1.4 | 98.00 | OK | |||
r-release-windows-x86_64 | 1.4 | 9.00 | 111.00 | 120.00 | OK | |
r-oldrel-macos-arm64 | 1.4 | 55.00 | NOTE | |||
r-oldrel-macos-x86_64 | 1.4 | 142.00 | NOTE | |||
r-oldrel-windows-x86_64 | 1.4 | 10.00 | 137.00 | 147.00 | NOTE |
Version: 1.4
Check: installed package size
Result: NOTE
installed size is 5.1Mb
sub-directories of 1Mb or more:
doc 4.8Mb
Flavors: r-oldrel-macos-arm64, r-oldrel-macos-x86_64, r-oldrel-windows-x86_64