CRAN Package Check Results for Package cAIC4

Last updated on 2022-12-04 20:53:20 CET.

Flavor Version Tinstall Tcheck Ttotal Status Flags
r-devel-linux-x86_64-debian-clang 1.0 11.64 110.87 122.51 NOTE
r-devel-linux-x86_64-debian-gcc 1.0 9.99 83.17 93.16 NOTE
r-devel-linux-x86_64-fedora-clang 1.0 160.33 NOTE
r-devel-linux-x86_64-fedora-gcc 1.0 154.34 NOTE
r-devel-windows-x86_64 1.0 23.00 136.00 159.00 NOTE
r-patched-linux-x86_64 1.0 19.58 103.05 122.63 OK
r-release-linux-x86_64 1.0 14.35 105.19 119.54 OK
r-release-macos-arm64 1.0 44.00 OK
r-release-macos-x86_64 1.0 71.00 OK
r-release-windows-x86_64 1.0 29.00 140.00 169.00 OK
r-oldrel-macos-arm64 1.0 44.00 OK
r-oldrel-macos-x86_64 1.0 58.00 OK
r-oldrel-windows-ix86+x86_64 1.0 26.00 125.00 151.00 OK

Check Details

Version: 1.0
Check: Rd files
Result: NOTE
    checkRd: (-1) deleteZeroComponents.Rd:70: Escaped LaTeX specials: \& \&
Flavors: r-devel-linux-x86_64-debian-clang, r-devel-linux-x86_64-debian-gcc, r-devel-linux-x86_64-fedora-clang, r-devel-linux-x86_64-fedora-gcc, r-devel-windows-x86_64