Last updated on 2025-11-02 23:49:32 CET.
| Flavor | Version | Tinstall | Tcheck | Ttotal | Status | Flags |
|---|---|---|---|---|---|---|
| r-devel-linux-x86_64-debian-clang | 1.0.8 | 25.72 | 35.38 | 61.10 | NOTE | |
| r-devel-linux-x86_64-debian-gcc | 1.0.8 | 16.68 | 26.86 | 43.54 | NOTE | |
| r-devel-linux-x86_64-fedora-clang | 1.0.8 | 53.00 | 52.98 | 105.98 | OK | |
| r-devel-linux-x86_64-fedora-gcc | 1.0.8 | 51.00 | 47.30 | 98.30 | OK | |
| r-devel-windows-x86_64 | 1.0.8 | 29.00 | 71.00 | 100.00 | OK | |
| r-patched-linux-x86_64 | 1.0.8 | 25.93 | 34.18 | 60.11 | OK | |
| r-release-linux-x86_64 | 1.0.8 | 25.77 | 33.71 | 59.48 | OK | |
| r-release-macos-arm64 | 1.0.8 | 11.00 | 19.00 | 30.00 | OK | |
| r-release-macos-x86_64 | 1.0.8 | 14.00 | 37.00 | 51.00 | OK | |
| r-release-windows-x86_64 | 1.0.8 | 30.00 | 71.00 | 101.00 | OK | |
| r-oldrel-macos-arm64 | 1.0.8 | 10.00 | 23.00 | 33.00 | OK | |
| r-oldrel-macos-x86_64 | 1.0.8 | 12.00 | 26.00 | 38.00 | OK | |
| r-oldrel-windows-x86_64 | 1.0.8 | 31.00 | 89.00 | 120.00 | OK |
Version: 1.0.8
Check: CRAN incoming feasibility
Result: NOTE
Maintainer: ‘Hunyong Cho <hunyong.cho@gmail.com>’
No Authors@R field in DESCRIPTION.
Please add one, modifying
Authors@R: c(person(given = "Hunyong",
family = "Cho",
role = c("aut", "cre"),
email = "hunyong.cho@gmail.com"),
person(given = "Chuwen",
family = "Liu",
role = "aut"),
person(given = "Jinyoung",
family = "Park",
role = "aut"),
person(given = "Di",
family = "Wu",
role = "aut"))
as necessary.
Flavors: r-devel-linux-x86_64-debian-clang, r-devel-linux-x86_64-debian-gcc