Last updated on 2023-09-22 20:51:48 CEST.
Flavor | Version | Tinstall | Tcheck | Ttotal | Status | Flags |
---|---|---|---|---|---|---|
r-devel-linux-x86_64-debian-clang | 0.1.0 | 255.41 | 224.11 | 479.52 | NOTE | |
r-devel-linux-x86_64-debian-gcc | 0.1.0 | 230.41 | 173.52 | 403.93 | NOTE | |
r-devel-linux-x86_64-fedora-clang | 0.1.0 | 601.58 | NOTE | |||
r-devel-linux-x86_64-fedora-gcc | 0.1.0 | 732.05 | NOTE | |||
r-devel-windows-x86_64 | 0.1.0 | 199.00 | 201.00 | 400.00 | NOTE | |
r-patched-linux-x86_64 | 0.1.0 | 285.96 | 221.13 | 507.09 | NOTE | |
r-release-linux-x86_64 | 0.1.0 | 213.34 | 220.35 | 433.69 | NOTE | |
r-release-macos-arm64 | 0.1.0 | 133.00 | NOTE | |||
r-release-macos-x86_64 | 0.1.0 | 214.00 | NOTE | |||
r-release-windows-x86_64 | 0.1.0 | 278.00 | 234.00 | 512.00 | NOTE | |
r-oldrel-macos-arm64 | 0.1.0 | 118.00 | NOTE | |||
r-oldrel-macos-x86_64 | 0.1.0 | 168.00 | NOTE | |||
r-oldrel-windows-x86_64 | 0.1.0 | 257.00 | 244.00 | 501.00 | NOTE |
Version: 0.1.0
Check: for GNU extensions in Makefiles
Result: NOTE
GNU make is a SystemRequirements.
Flavors: r-devel-linux-x86_64-debian-clang, r-devel-linux-x86_64-debian-gcc, r-devel-linux-x86_64-fedora-clang, r-devel-linux-x86_64-fedora-gcc, r-devel-windows-x86_64, r-patched-linux-x86_64, r-release-linux-x86_64, r-release-macos-arm64, r-release-macos-x86_64, r-release-windows-x86_64, r-oldrel-macos-arm64, r-oldrel-macos-x86_64, r-oldrel-windows-x86_64
Version: 0.1.0
Check: dependencies in R code
Result: NOTE
Namespaces in Imports field not imported from:
‘RcppParallel’ ‘rstantools’
All declared Imports should be used.
Flavors: r-devel-linux-x86_64-fedora-clang, r-devel-linux-x86_64-fedora-gcc, r-oldrel-macos-arm64, r-oldrel-macos-x86_64
Version: 0.1.0
Check: installed package size
Result: NOTE
installed size is 44.3Mb
sub-directories of 1Mb or more:
libs 43.9Mb
Flavors: r-release-macos-arm64, r-release-macos-x86_64, r-oldrel-macos-arm64, r-oldrel-macos-x86_64