CRAN Package Check Results for Package bvls

Last updated on 2022-10-06 21:49:48 CEST.

Flavor Version Tinstall Tcheck Ttotal Status Flags
r-devel-linux-x86_64-debian-clang 1.4 3.31 21.43 24.74 NOTE
r-devel-linux-x86_64-debian-gcc 1.4 2.45 16.99 19.44 NOTE
r-devel-linux-x86_64-fedora-clang 1.4 42.95 NOTE
r-devel-linux-x86_64-fedora-gcc 1.4 39.93 NOTE
r-devel-windows-x86_64 1.4 9.00 45.00 54.00 NOTE
r-patched-linux-x86_64 1.4 3.09 20.42 23.51 NOTE
r-release-linux-x86_64 1.4 3.00 20.52 23.52 NOTE
r-release-macos-arm64 1.4 15.00 NOTE
r-release-macos-x86_64 1.4 20.00 NOTE
r-release-windows-x86_64 1.4 7.00 50.00 57.00 NOTE
r-oldrel-macos-arm64 1.4 23.00 NOTE
r-oldrel-macos-x86_64 1.4 25.00 NOTE
r-oldrel-windows-ix86+x86_64 1.4 7.00 30.00 37.00 NOTE

Check Details

Version: 1.4
Check: DESCRIPTION meta-information
Result: NOTE
    Malformed Description field: should contain one or more complete sentences.
Flavors: r-devel-linux-x86_64-debian-clang, r-devel-linux-x86_64-debian-gcc, r-devel-linux-x86_64-fedora-clang, r-devel-linux-x86_64-fedora-gcc, r-devel-windows-x86_64, r-patched-linux-x86_64, r-release-linux-x86_64, r-release-macos-arm64, r-release-macos-x86_64, r-release-windows-x86_64, r-oldrel-macos-arm64, r-oldrel-macos-x86_64, r-oldrel-windows-ix86+x86_64

Version: 1.4
Check: Rd cross-references
Result: NOTE
    Undeclared packages ‘quadprog’, ‘nnls’ in Rd xrefs
Flavor: r-devel-linux-x86_64-fedora-clang

Version: 1.4
Check: compiled code
Result: NOTE
    File ‘bvls/libs/bvls.so’:
     Found no calls to: ‘R_registerRoutines’, ‘R_useDynamicSymbols’
    
    It is good practice to register native routines and to disable symbol
    search.
    
    See ‘Writing portable packages’ in the ‘Writing R Extensions’ manual.
Flavors: r-devel-linux-x86_64-fedora-clang, r-devel-linux-x86_64-fedora-gcc