Last updated on 2025-04-14 21:50:41 CEST.
Flavor | Version | Tinstall | Tcheck | Ttotal | Status | Flags |
---|---|---|---|---|---|---|
r-devel-linux-x86_64-debian-clang | 2.2.2 | 390.41 | 148.09 | 538.50 | OK | |
r-devel-linux-x86_64-debian-gcc | 2.2.2 | 362.87 | 131.08 | 493.95 | OK | |
r-devel-linux-x86_64-fedora-clang | 2.2.2 | 979.77 | OK | |||
r-devel-linux-x86_64-fedora-gcc | 2.2.2 | 1031.38 | OK | |||
r-devel-windows-x86_64 | 2.2.2 | 447.00 | 219.00 | 666.00 | OK | |
r-patched-linux-x86_64 | 2.2.2 | 483.96 | 180.46 | 664.42 | OK | |
r-release-linux-x86_64 | 2.2.2 | 476.16 | 182.20 | 658.36 | OK | |
r-release-macos-arm64 | 2.2.2 | 309.00 | OK | |||
r-release-macos-x86_64 | 2.2.2 | 272.00 | OK | |||
r-release-windows-x86_64 | 2.2.2 | 454.00 | 218.00 | 672.00 | OK | |
r-oldrel-macos-arm64 | 2.2.2 | 223.00 | NOTE | |||
r-oldrel-macos-x86_64 | 2.2.2 | 284.00 | NOTE | |||
r-oldrel-windows-x86_64 | 2.2.2 | 499.00 | 276.00 | 775.00 | OK |
Version: 2.2.2
Check: installed package size
Result: NOTE
installed size is 133.6Mb
sub-directories of 1Mb or more:
libs 131.6Mb
Flavors: r-oldrel-macos-arm64, r-oldrel-macos-x86_64