Last updated on 2025-07-11 20:48:21 CEST.
Flavor | Version | Tinstall | Tcheck | Ttotal | Status | Flags |
---|---|---|---|---|---|---|
r-devel-linux-x86_64-debian-clang | 0.5.5 | 11.85 | 100.81 | 112.66 | OK | |
r-devel-linux-x86_64-debian-gcc | 0.5.5 | 7.44 | 70.03 | 77.47 | OK | |
r-devel-linux-x86_64-fedora-clang | 0.5.5 | 182.39 | OK | |||
r-devel-linux-x86_64-fedora-gcc | 0.5.5 | 172.88 | OK | |||
r-devel-windows-x86_64 | 0.5.4 | 15.00 | 112.00 | 127.00 | NOTE | |
r-patched-linux-x86_64 | 0.5.5 | 14.48 | 92.70 | 107.18 | OK | |
r-release-linux-x86_64 | 0.5.4 | 10.48 | 93.19 | 103.67 | NOTE | |
r-release-macos-arm64 | 0.5.4 | 58.00 | OK | |||
r-release-macos-x86_64 | 0.5.5 | 91.00 | OK | |||
r-release-windows-x86_64 | 0.5.5 | 13.00 | 130.00 | 143.00 | OK | |
r-oldrel-macos-arm64 | 0.5.4 | 45.00 | OK | |||
r-oldrel-macos-x86_64 | 0.5.5 | 96.00 | OK | |||
r-oldrel-windows-x86_64 | 0.5.5 | 13.00 | 143.00 | 156.00 | OK |
Version: 0.5.4
Check: Rd cross-references
Result: NOTE
Found the following Rd file(s) with Rd \link{} targets missing package
anchors:
lifecycles.Rd: tibble
Please provide package anchors for all Rd \link{} targets not in the
package itself and the base packages.
Flavors: r-devel-windows-x86_64, r-release-linux-x86_64