Last updated on 2024-03-27 19:56:46 CET.
Flavor | Version | Tinstall | Tcheck | Ttotal | Status | Flags |
---|---|---|---|---|---|---|
r-devel-linux-x86_64-debian-clang | 0.5.3 | 11.55 | 118.08 | 129.63 | NOTE | |
r-devel-linux-x86_64-debian-gcc | 0.5.3 | 10.61 | 87.68 | 98.29 | NOTE | |
r-devel-linux-x86_64-fedora-clang | 0.5.3 | 172.26 | NOTE | |||
r-devel-linux-x86_64-fedora-gcc | 0.5.3 | 161.94 | NOTE | |||
r-devel-windows-x86_64 | 0.5.3 | 13.00 | 107.00 | 120.00 | NOTE | |
r-patched-linux-x86_64 | 0.5.3 | 19.53 | 115.72 | 135.25 | OK | |
r-release-linux-x86_64 | 0.5.3 | 13.41 | 110.01 | 123.42 | OK | |
r-release-macos-arm64 | 0.5.3 | 46.00 | OK | |||
r-release-macos-x86_64 | 0.5.3 | 77.00 | OK | |||
r-release-windows-x86_64 | 0.5.3 | 19.00 | 129.00 | 148.00 | OK | |
r-oldrel-macos-arm64 | 0.5.3 | 47.00 | OK | |||
r-oldrel-windows-x86_64 | 0.5.3 | 19.00 | 126.00 | 145.00 | OK |
Version: 0.5.3
Check: Rd \usage sections
Result: NOTE
Documented arguments not in \usage in Rd file 'count.Rd':
‘.data’
Documented arguments not in \usage in Rd file 'unite.Rd':
‘.data’
Functions with \usage entries need to have the appropriate \alias
entries, and all their arguments documented.
The \usage entries must correspond to syntactically valid R code.
See chapter ‘Writing R documentation files’ in the ‘Writing R
Extensions’ manual.
Flavors: r-devel-linux-x86_64-debian-clang, r-devel-linux-x86_64-debian-gcc, r-devel-linux-x86_64-fedora-clang, r-devel-linux-x86_64-fedora-gcc, r-devel-windows-x86_64