Last updated on 2024-04-24 20:54:00 CEST.
Flavor | Version | Tinstall | Tcheck | Ttotal | Status | Flags |
---|---|---|---|---|---|---|
r-devel-linux-x86_64-debian-clang | 1.1.0 | 15.57 | 174.62 | 190.19 | OK | |
r-devel-linux-x86_64-debian-gcc | 1.1.0 | 10.92 | 125.11 | 136.03 | OK | |
r-devel-linux-x86_64-fedora-clang | 1.1.0 | 229.47 | NOTE | |||
r-devel-linux-x86_64-fedora-gcc | 1.1.0 | 229.71 | OK | |||
r-devel-windows-x86_64 | 1.1.0 | 12.00 | 155.00 | 167.00 | NOTE | |
r-patched-linux-x86_64 | 1.1.0 | 10.26 | 166.16 | 176.42 | OK | |
r-release-linux-x86_64 | 1.1.0 | 7.87 | 165.04 | 172.91 | OK | |
r-release-macos-arm64 | 1.1.0 | 7.00 | ERROR | |||
r-release-macos-x86_64 | 1.1.0 | 132.00 | NOTE | |||
r-release-windows-x86_64 | 1.1.0 | 13.00 | 151.00 | 164.00 | NOTE | |
r-oldrel-macos-arm64 | 1.1.0 | 82.00 | NOTE | |||
r-oldrel-macos-x86_64 | 1.1.0 | 151.00 | NOTE | |||
r-oldrel-windows-x86_64 | 1.1.0 | 18.00 | 194.00 | 212.00 | NOTE |
Version: 1.1.0
Check: package dependencies
Result: NOTE
Imports includes 32 non-default packages.
Importing from so many packages makes the package vulnerable to any of
them becoming unavailable. Move as many as possible to Suggests and
use conditionally.
Flavor: r-devel-linux-x86_64-fedora-clang
Version: 1.1.0
Check: installed package size
Result: NOTE
installed size is 6.2Mb
sub-directories of 1Mb or more:
doc 2.3Mb
extdata 3.4Mb
Flavors: r-devel-linux-x86_64-fedora-clang, r-devel-windows-x86_64, r-release-macos-x86_64, r-release-windows-x86_64, r-oldrel-macos-arm64, r-oldrel-macos-x86_64, r-oldrel-windows-x86_64
Version: 1.1.0
Check: package dependencies
Result: ERROR
Package required but not available: ‘GENIE3’
Package suggested but not available for checking: ‘org.Mm.eg.db’
See section ‘The DESCRIPTION file’ in the ‘Writing R Extensions’
manual.
Flavor: r-release-macos-arm64
Version: 1.1.0
Check: package dependencies
Result: NOTE
Package suggested but not available for checking: ‘org.Mm.eg.db’
Flavor: r-oldrel-macos-x86_64