Last updated on 2024-07-17 20:56:56 CEST.
Flavor | Version | Tinstall | Tcheck | Ttotal | Status | Flags |
---|---|---|---|---|---|---|
r-devel-linux-x86_64-debian-clang | 1.0 | 11.57 | 69.93 | 81.50 | OK | |
r-devel-linux-x86_64-debian-gcc | 1.0 | 7.31 | 50.70 | 58.01 | OK | |
r-devel-linux-x86_64-fedora-clang | 1.0 | 97.83 | NOTE | |||
r-devel-linux-x86_64-fedora-gcc | 1.0 | 93.37 | NOTE | |||
r-devel-windows-x86_64 | 1.0 | 11.00 | 68.00 | 79.00 | OK | |
r-patched-linux-x86_64 | 1.0 | 8.07 | 65.56 | 73.63 | OK | |
r-release-linux-x86_64 | 1.0 | 7.91 | 66.73 | 74.64 | OK | |
r-release-macos-arm64 | 1.0 | 31.00 | OK | |||
r-release-macos-x86_64 | 1.0 | 74.00 | OK | |||
r-release-windows-x86_64 | 1.0 | 9.00 | 68.00 | 77.00 | OK | |
r-oldrel-macos-arm64 | 1.0 | 30.00 | OK | |||
r-oldrel-macos-x86_64 | 1.0 | 48.00 | OK | |||
r-oldrel-windows-x86_64 | 1.0 | 12.00 | 75.00 | 87.00 | OK |
Version: 1.0
Check: dependencies in R code
Result: NOTE
Namespaces in Imports field not imported from:
‘mvtnorm’ ‘ssmn’
All declared Imports should be used.
Flavors: r-devel-linux-x86_64-fedora-clang, r-devel-linux-x86_64-fedora-gcc