Last updated on 2024-04-22 20:53:31 CEST.
Flavor | Version | Tinstall | Tcheck | Ttotal | Status | Flags |
---|---|---|---|---|---|---|
r-devel-linux-x86_64-debian-clang | 2.0.2 | 786.26 | 518.51 | 1304.77 | OK | |
r-devel-linux-x86_64-debian-gcc | 2.0.2 | 603.28 | 317.11 | 920.39 | OK | |
r-devel-linux-x86_64-fedora-clang | 2.0.2 | 1827.81 | NOTE | |||
r-devel-linux-x86_64-fedora-gcc | 2.0.2 | 1790.14 | OK | |||
r-prerel-macos-arm64 | 2.0.2 | 320.00 | NOTE | |||
r-prerel-windows-x86_64 | 2.0.2 | 580.00 | 413.00 | 993.00 | NOTE | |
r-patched-linux-x86_64 | 2.0.2 | 747.92 | 432.49 | 1180.41 | OK | |
r-release-linux-x86_64 | 2.0.2 | 718.92 | 417.84 | 1136.76 | OK | |
r-release-macos-arm64 | 2.0.2 | 348.00 | NOTE | |||
r-release-macos-x86_64 | 2.0.2 | 561.00 | NOTE | |||
r-release-windows-x86_64 | 2.0.2 | 709.00 | 489.00 | 1198.00 | NOTE | |
r-oldrel-macos-arm64 | 2.0.2 | 356.00 | NOTE | |||
r-oldrel-windows-x86_64 | 2.0.2 | 677.00 | 472.00 | 1149.00 | NOTE |
Version: 2.0.2
Check: installed package size
Result: NOTE
installed size is 7.1Mb
sub-directories of 1Mb or more:
data 1.1Mb
doc 2.8Mb
libs 2.6Mb
Flavors: r-devel-linux-x86_64-fedora-clang, r-prerel-macos-arm64, r-prerel-windows-x86_64, r-release-macos-arm64, r-release-macos-x86_64, r-release-windows-x86_64, r-oldrel-macos-arm64, r-oldrel-windows-x86_64