CRAN Package Check Results for Package bsreg

Last updated on 2022-09-24 21:50:58 CEST.

Flavor Version Tinstall Tcheck Ttotal Status Flags
r-devel-linux-x86_64-debian-clang 0.0.2 11.43 30.99 42.42 OK
r-devel-linux-x86_64-debian-gcc 0.0.2 8.01 24.10 32.11 OK
r-devel-linux-x86_64-fedora-clang 0.0.2 62.54 NOTE
r-devel-linux-x86_64-fedora-gcc 0.0.2 61.03 NOTE
r-devel-windows-x86_64 0.0.2 18.00 58.00 76.00 OK
r-patched-linux-x86_64 0.0.2 8.45 29.95 38.40 OK
r-release-linux-x86_64 0.0.2 8.06 29.63 37.69 OK
r-release-macos-arm64 0.0.2 20.00 NOTE
r-release-macos-x86_64 0.0.2 27.00 NOTE
r-release-windows-x86_64 0.0.2 22.00 55.00 77.00 OK
r-oldrel-macos-arm64 0.0.2 21.00 NOTE
r-oldrel-macos-x86_64 0.0.2 28.00 NOTE
r-oldrel-windows-ix86+x86_64 0.0.2 17.00 52.00 69.00 OK

Check Details

Version: 0.0.2
Check: dependencies in R code
Result: NOTE
    Namespaces in Imports field not imported from:
     ‘Matrix’ ‘grDevices’ ‘graphics’
     All declared Imports should be used.
Flavors: r-devel-linux-x86_64-fedora-clang, r-devel-linux-x86_64-fedora-gcc, r-release-macos-arm64, r-release-macos-x86_64, r-oldrel-macos-arm64, r-oldrel-macos-x86_64