Last updated on 2025-11-23 20:48:42 CET.
| Flavor | Version | Tinstall | Tcheck | Ttotal | Status | Flags |
|---|---|---|---|---|---|---|
| r-devel-linux-x86_64-debian-clang | 0.0.2 | 9.74 | 27.59 | 37.33 | OK | |
| r-devel-linux-x86_64-debian-gcc | 0.0.2 | 5.47 | 21.66 | 27.13 | OK | |
| r-devel-linux-x86_64-fedora-clang | 0.0.2 | 23.00 | 33.23 | 56.23 | NOTE | |
| r-devel-windows-x86_64 | 0.0.2 | 11.00 | 44.00 | 55.00 | OK | |
| r-patched-linux-x86_64 | 0.0.2 | 7.92 | 24.82 | 32.74 | OK | |
| r-release-linux-x86_64 | 0.0.2 | 7.26 | 25.02 | 32.28 | OK | |
| r-release-macos-arm64 | 0.0.2 | OK | ||||
| r-release-macos-x86_64 | 0.0.2 | 7.00 | 28.00 | 35.00 | OK | |
| r-release-windows-x86_64 | 0.0.2 | 10.00 | 51.00 | 61.00 | OK | |
| r-oldrel-macos-arm64 | 0.0.2 | OK | ||||
| r-oldrel-macos-x86_64 | 0.0.2 | 6.00 | 23.00 | 29.00 | OK | |
| r-oldrel-windows-x86_64 | 0.0.2 | 13.00 | 52.00 | 65.00 | OK |
Version: 0.0.2
Check: dependencies in R code
Result: NOTE
Namespaces in Imports field not imported from:
‘Matrix’ ‘grDevices’ ‘graphics’
All declared Imports should be used.
Flavor: r-devel-linux-x86_64-fedora-clang