CRAN Package Check Results for Package bsplinePsd

Last updated on 2025-07-04 20:49:09 CEST.

Flavor Version Tinstall Tcheck Ttotal Status Flags
r-devel-linux-x86_64-debian-clang 0.6.0 19.59 27.49 47.08 NOTE
r-devel-linux-x86_64-debian-gcc 0.6.0 14.46 21.33 35.79 NOTE
r-devel-linux-x86_64-fedora-clang 0.6.0 81.83 OK
r-devel-linux-x86_64-fedora-gcc 0.6.0 75.20 OK
r-devel-windows-x86_64 0.6.0 24.00 72.00 96.00 OK
r-patched-linux-x86_64 0.6.0 21.15 25.93 47.08 OK
r-release-linux-x86_64 0.6.0 20.65 25.46 46.11 OK
r-release-macos-arm64 0.6.0 24.00 OK
r-release-macos-x86_64 0.6.0 38.00 OK
r-release-windows-x86_64 0.6.0 24.00 77.00 101.00 OK
r-oldrel-macos-arm64 0.6.0 27.00 OK
r-oldrel-macos-x86_64 0.6.0 32.00 OK
r-oldrel-windows-x86_64 0.6.0 26.00 80.00 106.00 OK

Check Details

Version: 0.6.0
Check: CRAN incoming feasibility
Result: NOTE Maintainer: ‘Matthew C. Edwards <matt.edwards@auckland.ac.nz>’ No Authors@R field in DESCRIPTION. Please add one, modifying Authors@R: c(person(given = c("Matthew", "C."), family = "Edwards", role = c("aut", "cre"), email = "matt.edwards@auckland.ac.nz"), person(given = "Renate", family = "Meyer", role = "aut"), person(given = "Nelson", family = "Christensen", role = "aut")) as necessary. The Description field contains and Computing (2018). <doi.org/10.1007/s11222-017-9796-9>. Please write DOIs as <doi:prefix/suffix>. Flavors: r-devel-linux-x86_64-debian-clang, r-devel-linux-x86_64-debian-gcc