Last updated on 2025-04-28 20:50:15 CEST.
Flavor | Version | Tinstall | Tcheck | Ttotal | Status | Flags |
---|---|---|---|---|---|---|
r-devel-linux-x86_64-debian-clang | 1.6 | 3.39 | 24.83 | 28.22 | OK | |
r-devel-linux-x86_64-debian-gcc | 1.6 | 2.58 | 19.95 | 22.53 | NOTE | |
r-devel-linux-x86_64-fedora-clang | 1.6 | 45.93 | OK | |||
r-devel-linux-x86_64-fedora-gcc | 1.6 | 43.54 | OK | |||
r-devel-windows-x86_64 | 1.6 | 5.00 | 46.00 | 51.00 | OK | |
r-patched-linux-x86_64 | 1.6 | 3.22 | 24.82 | 28.04 | OK | |
r-release-linux-x86_64 | 1.6 | 2.70 | 24.38 | 27.08 | OK | |
r-release-macos-arm64 | 1.6 | 19.00 | OK | |||
r-release-macos-x86_64 | 1.6 | 30.00 | OK | |||
r-release-windows-x86_64 | 1.6 | 6.00 | 46.00 | 52.00 | OK | |
r-oldrel-macos-arm64 | 1.6 | 21.00 | OK | |||
r-oldrel-macos-x86_64 | 1.6 | 24.00 | OK | |||
r-oldrel-windows-x86_64 | 1.6 | 4.00 | 46.00 | 50.00 | OK |
Version: 1.6
Check: CRAN incoming feasibility
Result: NOTE
Maintainer: ‘Christian Roever <christian.roever@med.uni-goettingen.de>’
Package CITATION file contains call(s) to old-style personList() or
as.personList(). Please use c() on person objects instead.
Package CITATION file contains call(s) to old-style citEntry(). Please
use bibentry() instead.
Flavor: r-devel-linux-x86_64-debian-gcc